{"id":432,"date":"2022-05-15T14:56:40","date_gmt":"2022-05-15T14:56:40","guid":{"rendered":"https:\/\/www.zakupynaryby.pl\/?page_id=432"},"modified":"2025-12-26T11:47:10","modified_gmt":"2025-12-26T10:47:10","slug":"regulamin","status":"publish","type":"page","link":"https:\/\/zakupynaryby.pl\/index.php\/regulamin\/","title":{"rendered":"Regulamin"},"content":{"rendered":"\t\t<div data-elementor-type=\"wp-page\" data-elementor-id=\"432\" class=\"elementor elementor-432\">\n\t\t\t\t\t\t<div class=\"elementor-inner\">\n\t\t\t\t<div class=\"elementor-section-wrap\">\n\t\t\t\t\t\t\t\t\t<section class=\"elementor-section elementor-top-section elementor-element elementor-element-7179de7 elementor-section-boxed elementor-section-height-default elementor-section-height-default\" data-id=\"7179de7\" data-element_type=\"section\">\n\t\t\t\t\t\t<div class=\"elementor-container elementor-column-gap-default\">\n\t\t\t\t\t\t\t<div class=\"elementor-row\">\n\t\t\t\t\t<div class=\"aux-parallax-section elementor-column elementor-col-100 elementor-top-column elementor-element elementor-element-ea31a7c\" data-id=\"ea31a7c\" data-element_type=\"column\">\n\t\t\t<div class=\"elementor-column-wrap elementor-element-populated\">\n\t\t\t\t\t\t\t<div class=\"elementor-widget-wrap\">\n\t\t\t\t\t\t<div class=\"elementor-element elementor-element-ecd3f72 elementor-widget elementor-widget-text-editor\" data-id=\"ecd3f72\" data-element_type=\"widget\" data-widget_type=\"text-editor.default\">\n\t\t\t\t<div class=\"elementor-widget-container\">\n\t\t\t\t\t\t\t\t<div class=\"elementor-text-editor elementor-clearfix\">\n\t\t\t\t<p><strong>Regulamin www. zakupynaryby.pl<\/strong><\/p><p><strong>\u00a7 1. Postanowienia og\u00f3lne<\/strong><br \/>Sklep internetowy Zakupy Na Ryby, dzia\u0142aj\u0105cy pod adresem www. zakupynaryby.pl (dalej zwany ZakupyNaRyby), prowadzony jest przez: KSR Bogdan Nowak, ul. Modli\u0144ska, 05-110 Jab\u0142onna, NIP: 5271733183, Regon: 381383537, tel.kont. 602 687 677.<br \/>Poj\u0119cie towaru powinno by\u0107 rozumiane jako produkty zwi\u0105zane z w\u0119dkarstwem i amatorskim po\u0142owem ryb.<br \/>Towary prezentowane w zakupynaryby.pl nie stanowi\u0105 oferty w rozumieniu Kodeksu cywilnego.<\/p><p><strong>\u00a7 2. Zam\u00f3wienia<\/strong><br \/>Zam\u00f3wienia mo\u017cna sk\u0142ada\u0107 ca\u0142\u0105 dob\u0119 za po\u015brednictwem strony internetowej zakupynaryby.pl lub telefonicznie, w tym tak\u017ce SMS-em.<br \/>Kupuj\u0105cy dokonuj\u0105c zakupu, sk\u0142ada zam\u00f3wienie. Po dokonaniu zam\u00f3wienia, Kupuj\u0105cy otrzymuje informacj\u0119 z potwierdzeniem przyj\u0119cia zam\u00f3wienia do realizacji przez zakupynaryby.pl.<br \/>W sytuacji gdy kupiony produkt nie jest dost\u0119pny, zakupynaryby.pl przeka\u017ce tak\u0105 informacj\u0119 Kupuj\u0105cemu. Zakupynaryby.pl w tego typu przypadku ma prawo do odst\u0105pienia od umowy w terminie 14 dni od dnia jej zawarcia. Je\u017celi zosta\u0142a dokonana zap\u0142ata za produkt, zakupynaryby.pl zwr\u00f3ci pieni\u0105dze Kupuj\u0105cemu w ci\u0105gu 3 dni na wskazane przez Kupuj\u0105cego konto.<br \/>W przypadku czasowej niedost\u0119pno\u015bci towaru, zakupynaryby.pl mo\u017ce zaproponowa\u0107 zakup innego lub wysy\u0142k\u0119 zam\u00f3wionego towaru w p\u00f3\u017aniejszym terminie, o ile Kupuj\u0105cy wyrazi na to zgod\u0119.<\/p><p><strong>\u00a7 3. Ceny<\/strong><br \/>Ceny podane przy produktach s\u0105 cenami brutto podanymi w polskich z\u0142otych.<br \/>Cena op\u0142aty za dostaw\u0119 wyszczeg\u00f3lniona jest oddzielnie w trakcie sk\u0142adania zam\u00f3wienia i nie jest wliczona w cen\u0119 produkt\u00f3w prezentowanych na stronie www.zakupynaryby.pl.<br \/>Zakupynaryby.pl zastrzega sobie prawo do zmiany cen produkt\u00f3w oraz poszerzania oferty o nowe produkty.<\/p><p><strong>\u00a7 4. Formy p\u0142atno\u015bci<\/strong><br \/>Zakupynaryby.pl oferuje nast\u0119puj\u0105ce formy p\u0142atno\u015bci:<br \/>\u2013 przelewem na rachunek bankowy:<\/p><p>PKO BP S.A 19 1020 1026 0000 1102 0372 7765<\/p><p>mBank 46 1140 2004 0000 3102 8392 4597<\/p><p>\u2013 przelewem internetowym za pomoc\u0105 systemu p\u0142atno\u015bci internetowych.<\/p><p>\u2013 pobraniem za po\u015brednictwem firmy kurierskiej InPost.<\/p><p>\u2013 got\u00f3wk\u0105 przy odbiorze osobistym zakupionego towaru.<\/p><p>\u2013 Blik<\/p><p>\u2013 <strong>Karty p\u0142atnicze<\/strong>:<img loading=\"lazy\" decoding=\"async\" class=\"alignnone size-full wp-image-5195\" src=\"https:\/\/zakupynaryby.pl\/wp-content\/uploads\/2023\/09\/baner.png\" alt=\"\" width=\"123\" height=\"123\" srcset=\"https:\/\/zakupynaryby.pl\/wp-content\/uploads\/2023\/09\/baner.png 123w, https:\/\/zakupynaryby.pl\/wp-content\/uploads\/2023\/09\/baner-100x100.png 100w\" sizes=\"auto, (max-width: 123px) 100vw, 123px\" \/><br \/>* Visa<br \/>* Visa Electron<br \/>* Mastercard<br \/>* MasterCard Electronic<br \/>* Maestro<\/p><p>Podmiotem \u015bwiadcz\u0105cym obs\u0142ug\u0119 p\u0142atno\u015bci online w zakresie p\u0142atno\u015bci kartami jest Autopay S.A.<\/p><p><strong>\u00a7 5. Realizacja zam\u00f3wienia<\/strong><br \/>Potwierdzenie przyj\u0119cia zam\u00f3wienia przez zakupynaryby.pl wysy\u0142ane jest w formie wiadomo\u015bci do kupuj\u0105cego. Rozpocz\u0119cie realizacji zam\u00f3wienia nast\u0119puje z chwil\u0105 zaksi\u0119gowania pieni\u0119dzy na rachunku bankowym zakupynaryby.pl, lub po ustaleniu innej formy p\u0142atno\u015bci okre\u015blonej w \u00a7 4.<br \/>Termin realizacji zam\u00f3wie\u0144 wynosi do 5 dni roboczych. Termin ten rozumiany by\u0107 powinien jako czas, kt\u00f3ry up\u0142ywa od momentu przyj\u0119cia zam\u00f3wienia do realizacji, do momentu wys\u0142ania zam\u00f3wionego produktu.<br \/>Zakupynaryby.pl realizuje wysy\u0142k\u0119 zam\u00f3wie\u0144 za po\u015brednictwem us\u0142ug firmy kurierskiej InPost.<br \/>Zakupynaryby.pl nie ponosi odpowiedzialno\u015bci za niedostarczenie towaru lub op\u00f3\u017anienie w dostawie spowodowane b\u0142\u0119dnym lub niedok\u0142adnym adresem podanym przez Kupuj\u0105cego.<br \/>Zakupynaryby.pl wystawia paragon lub na \u017c\u0105danie kupuj\u0105cego faktury bez VAT (zakupynaryby.pl o\u015bwiadcza, \u017ce nie jest czynnym p\u0142atnikiem podatku VAT). Dokonuj\u0105c zakupu w zakupynaryby.pl, Kupuj\u0105cy wyra\u017ca zgod\u0119 na wystawienie faktury bez podpisu odbiorcy.<\/p><p><strong>\u00a7 6. Prawo odst\u0105pienia od umowy<\/strong><br \/>Kupuj\u0105cy ma prawo odst\u0105pienia od umowy w terminie 14 dni od daty odebrania towaru bez podania przyczyny. Zwrot towaru jest mo\u017cliwy pod warunkiem, \u017ce towar jest niezniszczony i nie by\u0142 u\u017cywany. Powy\u017csze uprawnienie przys\u0142uguje Kupuj\u0105cemu b\u0119d\u0105cemu konsumentem w rozumieniu art. 221 Kodeksu cywilnego.<br \/>Zwracany towar nale\u017cy przes\u0142a\u0107 pod adres ustalony indywidualnie ze Sprzedaj\u0105cym. Razem z towarem nale\u017cy zwr\u00f3ci\u0107 otrzymany dow\u00f3d zakupu.<br \/>Zakupynaryby.pl gwarantuje zwrot pe\u0142nej kwoty r\u00f3wniej cenie zakupionego towaru. Koszty odes\u0142ania towaru pokrywa Kupuj\u0105cy.<br \/>Pieni\u0105dze zostan\u0105 odes\u0142ane niezw\u0142ocznie na wskazany przez Kupuj\u0105cego numer rachunku bankowego, po otrzymaniu przez Sprzedawc\u0119 zwrotu towaru.<\/p><p>W przypadku wyst\u0105pienia konieczno\u015bci zwrotu \u015brodk\u00f3w za transakcj\u0119 dokonan\u0105 przez klienta kart\u0105 p\u0142atnicz\u0105 sprzedaj\u0105cy dokonana zwrotu na rachunek bankowy przypisany do karty p\u0142atniczej Zamawiaj\u0105cego\u201d albo \u201eSprzedawca dokonuje zwrotu p\u0142atno\u015bci przy u\u017cyciu takiego samego sposobu p\u0142atno\u015bci, jakiego u\u017cy\u0142 konsument, chyba \u017ce konsument wyra\u017anie zgodzi\u0142 si\u0119 na inny spos\u00f3b zwrotu, kt\u00f3ry nie wi\u0105\u017ce si\u0119 dla niego z \u017cadnymi kosztami.<\/p><p><strong>\u00a7 7. Reklamacje<\/strong><br \/>W przypadku niezgodno\u015bci towaru z umow\u0105, Kupuj\u0105cemu przys\u0142uguje prawo do reklamacji towaru w ci\u0105gu 2 tygodni od daty zakupu, pod warunkiem zawiadomienia zakupynaryby.pl o wadzie w ci\u0105gu dw\u00f3ch dni od daty otrzymania towaru i stwierdzenia niezgodno\u015bci towaru z umow\u0105.<br \/>Warunkiem rozpatrzenia reklamacji jest odes\u0142anie towaru pod uzgodniony ze Sprzedawc\u0105 adres, wraz z dowodem zakupu oraz wskazaniem na pi\u015bmie przyczyny zwrotu.<br \/>Termin rozpatrzenia reklamacji wynosi 14 dni od momentu jej otrzymania.<br \/>W przypadku uznania reklamacji, zakupynaryby.pl wymieni towar na nowy lub zwr\u00f3ci nale\u017cno\u015b\u0107 za reklamowany towar na rachunek bankowy wskazany przez Kupuj\u0105cego.<br \/>W przypadku zastrze\u017ce\u0144 co do stanu przesy\u0142ki, uprzejmie prosimy o poinformowanie o tym dostawcy i wype\u0142nienie w jego obecno\u015bci protoko\u0142u potwierdzaj\u0105cego wady przesy\u0142ki. Przes\u0142anie zakupynaryby.pl w\/w dokumentu u\u0142atwi proces rozpatrywania reklamacji.<\/p><p><strong>\u00a7 8. Ochrona danych osobowych<\/strong><br \/>Dokonuj\u0105c zakupu w zakupynaryby.pl, Kupuj\u0105cy wyra\u017ca zgod\u0119 na przetwarzanie danych osobowych zwi\u0105zanych z realizacj\u0105 zam\u00f3wienia.<br \/>Administratorem danych osobowych jest zakupynaryby.pl.<br \/>Dane osobowe podlegaj\u0105 ochronie stosownie do przepis\u00f3w prawa obowi\u0105zuj\u0105cego w tym zakresie. Ka\u017cdy Kupuj\u0105cy ma prawo wgl\u0105du do swoich danych, ich poprawiania oraz \u017c\u0105dania usuni\u0119cia, o ile nie jest to sprzeczne z przepisami szczeg\u00f3lnymi dotycz\u0105cym prowadzenia dzia\u0142alno\u015bci gospodarczej.<\/p><p><strong>\u00a7 9. Postanowienia ko\u0144cowe<\/strong><br \/>Zakupynaryby.pl dok\u0142ada nale\u017cytej staranno\u015bci, aby opis prezentowanych towar\u00f3w jak najdok\u0142adniej odpowiada\u0142 rzeczywisto\u015bci. Z uwagi na mo\u017cliwo\u015b\u0107 wyst\u0105pienia b\u0142\u0119d\u00f3w podczas dokonywanej aktualizacji strony internetowej, ewentualne rozbie\u017cno\u015bci zostan\u0105 skorygowane przy realizacji zam\u00f3wienia.<br \/>W sprawach nieuregulowanych w niniejszym Regulaminie maj\u0105 zastosowanie przepisy prawa polskiego, a zw\u0142aszcza Kodeksu cywilnego, przepisy Ustawy o szczeg\u00f3lnych warunkach sprzeda\u017cy konsumenckiej oraz zmianie Kodeksu cywilnego (Dz.U. z 2002 r., Nr 141, poz. 1176 z p\u00f3\u017an. zm.), ustawy o ochronie niekt\u00f3rych praw konsument\u00f3w oraz o odpowiedzialno\u015bci za szkod\u0119 wyrz\u0105dzon\u0105 przez produkt niebezpieczny (Dz.U. z 2000 r., Nr 22, poz. 271 z p\u00f3\u017an. zm.).<br \/>Niniejszy Regulamin obowi\u0105zuje od dnia 01 marca 2021 r.<br \/>Sprzedawca zastrzega sobie prawo do zmiany niniejszego Regulaminu. Wszelkie zmiany Regulaminu obowi\u0105zuj\u0105 od daty opublikowania ich na stronie www.zakupynaryby.pl. W przypadku zam\u00f3wie\u0144 zawartych na podstawie wcze\u015bniejszych wersji Regulaminu, wi\u0105\u017c\u0105ce s\u0105 zapisy obowi\u0105zuj\u0105ce w dniu z\u0142o\u017cenia zam\u00f3wienia.<\/p>\t\t\t\t\t<\/div>\n\t\t\t\t\t\t<\/div>\n\t\t\t\t<\/div>\n\t\t\t\t\t\t<\/div>\n\t\t\t\t\t<\/div>\n\t\t<\/div>\n\t\t\t\t\t\t\t\t<\/div>\n\t\t\t\t\t<\/div>\n\t\t<\/section>\n\t\t\t\t\t\t\t\t\t<\/div>\n\t\t\t<\/div>\n\t\t\t\t\t<\/div>\n\t\t","protected":false},"excerpt":{"rendered":"<p>Regulamin www. zakupynaryby.pl \u00a7 1. Postanowienia og\u00f3lneSklep internetowy Zakupy Na Ryby, dzia\u0142aj\u0105cy pod adresem www. zakupynaryby.pl (dalej zwany ZakupyNaRyby), prowadzony jest przez: KSR Bogdan Nowak, ul. Modli\u0144ska, 05-110 Jab\u0142onna, NIP: 5271733183, Regon: 381383537, tel.kont. 602 687 677.Poj\u0119cie towaru powinno by\u0107 rozumiane jako produkty zwi\u0105zane z w\u0119dkarstwem i amatorskim po\u0142owem ryb.Towary prezentowane w zakupynaryby.pl nie stanowi\u0105 [&hellip;]<\/p>\n","protected":false},"author":1,"featured_media":0,"parent":0,"menu_order":0,"comment_status":"closed","ping_status":"closed","template":"","meta":{"footnotes":""},"class_list":["post-432","page","type-page","status-publish","hentry"],"yoast_head":"<!-- This site is optimized with the Yoast SEO plugin v27.4 - https:\/\/yoast.com\/product\/yoast-seo-wordpress\/ -->\n<title>Regulamin - Formy w\u0119dkarskie<\/title>\n<meta name=\"robots\" content=\"index, follow, max-snippet:-1, max-image-preview:large, max-video-preview:-1\" \/>\n<link rel=\"canonical\" href=\"https:\/\/zakupynaryby.pl\/index.php\/regulamin\/\" \/>\n<meta property=\"og:locale\" content=\"pl_PL\" \/>\n<meta property=\"og:type\" content=\"article\" \/>\n<meta property=\"og:title\" content=\"Regulamin - Formy w\u0119dkarskie\" \/>\n<meta property=\"og:description\" content=\"Regulamin www. zakupynaryby.pl \u00a7 1. Postanowienia og\u00f3lneSklep internetowy Zakupy Na Ryby, dzia\u0142aj\u0105cy pod adresem www. zakupynaryby.pl (dalej zwany ZakupyNaRyby), prowadzony jest przez: KSR Bogdan Nowak, ul. Modli\u0144ska, 05-110 Jab\u0142onna, NIP: 5271733183, Regon: 381383537, tel.kont. 602 687 677.Poj\u0119cie towaru powinno by\u0107 rozumiane jako produkty zwi\u0105zane z w\u0119dkarstwem i amatorskim po\u0142owem ryb.Towary prezentowane w zakupynaryby.pl nie stanowi\u0105 [&hellip;]\" \/>\n<meta property=\"og:url\" content=\"https:\/\/zakupynaryby.pl\/index.php\/regulamin\/\" \/>\n<meta property=\"og:site_name\" content=\"Formy w\u0119dkarskie\" \/>\n<meta property=\"article:modified_time\" content=\"2025-12-26T10:47:10+00:00\" \/>\n<meta property=\"og:image\" content=\"https:\/\/zakupynaryby.pl\/wp-content\/uploads\/2023\/09\/baner.png\" \/>\n\t<meta property=\"og:image:width\" content=\"123\" \/>\n\t<meta property=\"og:image:height\" content=\"123\" \/>\n\t<meta property=\"og:image:type\" content=\"image\/png\" \/>\n<meta name=\"twitter:card\" content=\"summary_large_image\" \/>\n<meta name=\"twitter:label1\" content=\"Szacowany czas czytania\" \/>\n\t<meta name=\"twitter:data1\" content=\"6 minut\" \/>\n<script type=\"application\/ld+json\" class=\"yoast-schema-graph\">{\"@context\":\"https:\\\/\\\/schema.org\",\"@graph\":[{\"@type\":\"WebPage\",\"@id\":\"https:\\\/\\\/zakupynaryby.pl\\\/index.php\\\/regulamin\\\/\",\"url\":\"https:\\\/\\\/zakupynaryby.pl\\\/index.php\\\/regulamin\\\/\",\"name\":\"Regulamin - Formy w\u0119dkarskie\",\"isPartOf\":{\"@id\":\"https:\\\/\\\/zakupynaryby.pl\\\/#website\"},\"primaryImageOfPage\":{\"@id\":\"https:\\\/\\\/zakupynaryby.pl\\\/index.php\\\/regulamin\\\/#primaryimage\"},\"image\":{\"@id\":\"https:\\\/\\\/zakupynaryby.pl\\\/index.php\\\/regulamin\\\/#primaryimage\"},\"thumbnailUrl\":\"https:\\\/\\\/zakupynaryby.pl\\\/wp-content\\\/uploads\\\/2023\\\/09\\\/baner.png\",\"datePublished\":\"2022-05-15T14:56:40+00:00\",\"dateModified\":\"2025-12-26T10:47:10+00:00\",\"breadcrumb\":{\"@id\":\"https:\\\/\\\/zakupynaryby.pl\\\/index.php\\\/regulamin\\\/#breadcrumb\"},\"inLanguage\":\"pl-PL\",\"potentialAction\":[{\"@type\":\"ReadAction\",\"target\":[\"https:\\\/\\\/zakupynaryby.pl\\\/index.php\\\/regulamin\\\/\"]}]},{\"@type\":\"ImageObject\",\"inLanguage\":\"pl-PL\",\"@id\":\"https:\\\/\\\/zakupynaryby.pl\\\/index.php\\\/regulamin\\\/#primaryimage\",\"url\":\"https:\\\/\\\/zakupynaryby.pl\\\/wp-content\\\/uploads\\\/2023\\\/09\\\/baner.png\",\"contentUrl\":\"https:\\\/\\\/zakupynaryby.pl\\\/wp-content\\\/uploads\\\/2023\\\/09\\\/baner.png\",\"width\":123,\"height\":123},{\"@type\":\"BreadcrumbList\",\"@id\":\"https:\\\/\\\/zakupynaryby.pl\\\/index.php\\\/regulamin\\\/#breadcrumb\",\"itemListElement\":[{\"@type\":\"ListItem\",\"position\":1,\"name\":\"Strona g\u0142\u00f3wna\",\"item\":\"https:\\\/\\\/zakupynaryby.pl\\\/\"},{\"@type\":\"ListItem\",\"position\":2,\"name\":\"Regulamin\"}]},{\"@type\":\"WebSite\",\"@id\":\"https:\\\/\\\/zakupynaryby.pl\\\/#website\",\"url\":\"https:\\\/\\\/zakupynaryby.pl\\\/\",\"name\":\"Formy w\u0119dkarskie\",\"description\":\"Formy do odlewania ci\u0119\u017cark&oacute;w w\u0119dkarskich\",\"publisher\":{\"@id\":\"https:\\\/\\\/zakupynaryby.pl\\\/#organization\"},\"potentialAction\":[{\"@type\":\"SearchAction\",\"target\":{\"@type\":\"EntryPoint\",\"urlTemplate\":\"https:\\\/\\\/zakupynaryby.pl\\\/?s={search_term_string}\"},\"query-input\":{\"@type\":\"PropertyValueSpecification\",\"valueRequired\":true,\"valueName\":\"search_term_string\"}}],\"inLanguage\":\"pl-PL\"},{\"@type\":\"Organization\",\"@id\":\"https:\\\/\\\/zakupynaryby.pl\\\/#organization\",\"name\":\"Formy w\u0119dkarskie\",\"url\":\"https:\\\/\\\/zakupynaryby.pl\\\/\",\"logo\":{\"@type\":\"ImageObject\",\"inLanguage\":\"pl-PL\",\"@id\":\"https:\\\/\\\/zakupynaryby.pl\\\/#\\\/schema\\\/logo\\\/image\\\/\",\"url\":\"https:\\\/\\\/zakupynaryby.pl\\\/wp-content\\\/uploads\\\/2022\\\/05\\\/zakupy.jpg\",\"contentUrl\":\"https:\\\/\\\/zakupynaryby.pl\\\/wp-content\\\/uploads\\\/2022\\\/05\\\/zakupy.jpg\",\"width\":500,\"height\":153,\"caption\":\"Formy w\u0119dkarskie\"},\"image\":{\"@id\":\"https:\\\/\\\/zakupynaryby.pl\\\/#\\\/schema\\\/logo\\\/image\\\/\"}}]}<\/script>\n<!-- \/ Yoast SEO plugin. -->","yoast_head_json":{"title":"Regulamin - Formy w\u0119dkarskie","robots":{"index":"index","follow":"follow","max-snippet":"max-snippet:-1","max-image-preview":"max-image-preview:large","max-video-preview":"max-video-preview:-1"},"canonical":"https:\/\/zakupynaryby.pl\/index.php\/regulamin\/","og_locale":"pl_PL","og_type":"article","og_title":"Regulamin - Formy w\u0119dkarskie","og_description":"Regulamin www. zakupynaryby.pl \u00a7 1. Postanowienia og\u00f3lneSklep internetowy Zakupy Na Ryby, dzia\u0142aj\u0105cy pod adresem www. zakupynaryby.pl (dalej zwany ZakupyNaRyby), prowadzony jest przez: KSR Bogdan Nowak, ul. Modli\u0144ska, 05-110 Jab\u0142onna, NIP: 5271733183, Regon: 381383537, tel.kont. 602 687 677.Poj\u0119cie towaru powinno by\u0107 rozumiane jako produkty zwi\u0105zane z w\u0119dkarstwem i amatorskim po\u0142owem ryb.Towary prezentowane w zakupynaryby.pl nie stanowi\u0105 [&hellip;]","og_url":"https:\/\/zakupynaryby.pl\/index.php\/regulamin\/","og_site_name":"Formy w\u0119dkarskie","article_modified_time":"2025-12-26T10:47:10+00:00","og_image":[{"width":123,"height":123,"url":"https:\/\/zakupynaryby.pl\/wp-content\/uploads\/2023\/09\/baner.png","type":"image\/png"}],"twitter_card":"summary_large_image","twitter_misc":{"Szacowany czas czytania":"6 minut"},"schema":{"@context":"https:\/\/schema.org","@graph":[{"@type":"WebPage","@id":"https:\/\/zakupynaryby.pl\/index.php\/regulamin\/","url":"https:\/\/zakupynaryby.pl\/index.php\/regulamin\/","name":"Regulamin - Formy w\u0119dkarskie","isPartOf":{"@id":"https:\/\/zakupynaryby.pl\/#website"},"primaryImageOfPage":{"@id":"https:\/\/zakupynaryby.pl\/index.php\/regulamin\/#primaryimage"},"image":{"@id":"https:\/\/zakupynaryby.pl\/index.php\/regulamin\/#primaryimage"},"thumbnailUrl":"https:\/\/zakupynaryby.pl\/wp-content\/uploads\/2023\/09\/baner.png","datePublished":"2022-05-15T14:56:40+00:00","dateModified":"2025-12-26T10:47:10+00:00","breadcrumb":{"@id":"https:\/\/zakupynaryby.pl\/index.php\/regulamin\/#breadcrumb"},"inLanguage":"pl-PL","potentialAction":[{"@type":"ReadAction","target":["https:\/\/zakupynaryby.pl\/index.php\/regulamin\/"]}]},{"@type":"ImageObject","inLanguage":"pl-PL","@id":"https:\/\/zakupynaryby.pl\/index.php\/regulamin\/#primaryimage","url":"https:\/\/zakupynaryby.pl\/wp-content\/uploads\/2023\/09\/baner.png","contentUrl":"https:\/\/zakupynaryby.pl\/wp-content\/uploads\/2023\/09\/baner.png","width":123,"height":123},{"@type":"BreadcrumbList","@id":"https:\/\/zakupynaryby.pl\/index.php\/regulamin\/#breadcrumb","itemListElement":[{"@type":"ListItem","position":1,"name":"Strona g\u0142\u00f3wna","item":"https:\/\/zakupynaryby.pl\/"},{"@type":"ListItem","position":2,"name":"Regulamin"}]},{"@type":"WebSite","@id":"https:\/\/zakupynaryby.pl\/#website","url":"https:\/\/zakupynaryby.pl\/","name":"Formy w\u0119dkarskie","description":"Formy do odlewania ci\u0119\u017cark&oacute;w w\u0119dkarskich","publisher":{"@id":"https:\/\/zakupynaryby.pl\/#organization"},"potentialAction":[{"@type":"SearchAction","target":{"@type":"EntryPoint","urlTemplate":"https:\/\/zakupynaryby.pl\/?s={search_term_string}"},"query-input":{"@type":"PropertyValueSpecification","valueRequired":true,"valueName":"search_term_string"}}],"inLanguage":"pl-PL"},{"@type":"Organization","@id":"https:\/\/zakupynaryby.pl\/#organization","name":"Formy w\u0119dkarskie","url":"https:\/\/zakupynaryby.pl\/","logo":{"@type":"ImageObject","inLanguage":"pl-PL","@id":"https:\/\/zakupynaryby.pl\/#\/schema\/logo\/image\/","url":"https:\/\/zakupynaryby.pl\/wp-content\/uploads\/2022\/05\/zakupy.jpg","contentUrl":"https:\/\/zakupynaryby.pl\/wp-content\/uploads\/2022\/05\/zakupy.jpg","width":500,"height":153,"caption":"Formy w\u0119dkarskie"},"image":{"@id":"https:\/\/zakupynaryby.pl\/#\/schema\/logo\/image\/"}}]}},"_links":{"self":[{"href":"https:\/\/zakupynaryby.pl\/index.php\/wp-json\/wp\/v2\/pages\/432","targetHints":{"allow":["GET"]}}],"collection":[{"href":"https:\/\/zakupynaryby.pl\/index.php\/wp-json\/wp\/v2\/pages"}],"about":[{"href":"https:\/\/zakupynaryby.pl\/index.php\/wp-json\/wp\/v2\/types\/page"}],"author":[{"embeddable":true,"href":"https:\/\/zakupynaryby.pl\/index.php\/wp-json\/wp\/v2\/users\/1"}],"replies":[{"embeddable":true,"href":"https:\/\/zakupynaryby.pl\/index.php\/wp-json\/wp\/v2\/comments?post=432"}],"version-history":[{"count":5,"href":"https:\/\/zakupynaryby.pl\/index.php\/wp-json\/wp\/v2\/pages\/432\/revisions"}],"predecessor-version":[{"id":7350,"href":"https:\/\/zakupynaryby.pl\/index.php\/wp-json\/wp\/v2\/pages\/432\/revisions\/7350"}],"wp:attachment":[{"href":"https:\/\/zakupynaryby.pl\/index.php\/wp-json\/wp\/v2\/media?parent=432"}],"curies":[{"name":"wp","href":"https:\/\/api.w.org\/{rel}","templated":true}]}}