{"id":1242,"date":"2022-05-22T19:19:25","date_gmt":"2022-05-22T17:19:25","guid":{"rendered":"https:\/\/www.zakupynaryby.pl\/?post_type=product&#038;p=1242"},"modified":"2025-10-22T07:52:44","modified_gmt":"2025-10-22T05:52:44","slug":"forma-do-jigow-glowa-wegorza","status":"publish","type":"product","link":"https:\/\/zakupynaryby.pl\/index.php\/product\/forma-do-jigow-glowa-wegorza\/","title":{"rendered":"Forma do jig\u00f3w g\u0142owa w\u0119gorza <br> F-205 ( 60 80 100 120 gr. )"},"content":{"rendered":"<p>Forma do jig\u00f3w g\u0142owa w\u0119gorza.<\/p>\n<p>Gramatura: 60 80 100 120 gr.<\/p>\n<p>Pasuj\u0105ce haki:<\/p>\n<p><a href=\"https:\/\/zakupynaryby.pl\/index.php\/product\/haki-vmc-5150-barbarian-rozmiar-8-0-5-sztuk\/\">VMC 5150RD Barbarian 8\/0<\/a><\/p>\n<p><a href=\"https:\/\/zakupynaryby.pl\/index.php\/product\/haki-vmc-5150-barbarian-rozmiar-12-0-5-sztuk\/\">VMC 5150RD Barbarian 12\/0<\/a><\/p>\n<p>Do zamocowania przyn\u0119ty mo\u017cna w\u0142o\u017cy\u0107 drut 0,8 mm.<\/p>\n<p>&nbsp;<\/p>\n<p>Uwaga dotycz\u0105ca bezpiecze\u0144stwa produktu:<\/p>\n<ul>\n<li>\u2022 Nigdy nie zalewaj mokrej formy.<br \/>\n\u2022 U\u017cywaj okular\u00f3w ochronnych i r\u0119kawic termicznych.<br \/>\n\u2022 Zapewnij odpowiedni\u0105 wentylacj\u0119 w pomieszczeniu pracy.<\/li>\n<\/ul>\n","protected":false},"excerpt":{"rendered":"<p>Gramatura: 60 80 100 120 gr.<\/p>\n<p>Pasuj\u0105ce haki:<\/p>\n<p><span style=\"color: #3366ff;\"><a style=\"color: #3366ff;\" href=\"https:\/\/zakupynaryby.pl\/index.php\/product\/haki-vmc-5150-barbarian-rozmiar-8-0-5-sztuk\/\">VMC 5150RD Barbarian 8\/0<\/a><\/span><\/p>\n<p><span style=\"color: #3366ff;\"><a style=\"color: #3366ff;\" href=\"https:\/\/zakupynaryby.pl\/index.php\/product\/haki-vmc-5150-barbarian-rozmiar-12-0-5-sztuk\/\">VMC 5150RD Barbarian 12\/0<\/a><\/span><\/p>\n","protected":false},"featured_media":2871,"template":"","meta":[],"product_brand":[],"product_cat":[55,58,44,78,16],"product_tag":[],"class_list":{"0":"post-1242","1":"product","2":"type-product","3":"status-publish","4":"has-post-thumbnail","6":"product_cat-jigi","7":"product_cat-morskie","8":"product_cat-formy-ciezarkow","9":"product_cat-formy-wedkarskie","10":"product_cat-wszystkie-produkty","12":"first","13":"instock","14":"sold-individually","15":"shipping-taxable","16":"purchasable","17":"product-type-simple"},"yoast_head":"<!-- This site is optimized with the Yoast SEO plugin v27.3 - https:\/\/yoast.com\/product\/yoast-seo-wordpress\/ -->\n<title>Forma do jig\u00f3w g\u0142owa w\u0119gorza  F-205 ( 60 80 100 120 gr. ) - Formy w\u0119dkarskie<\/title>\n<meta name=\"description\" content=\"Forma do jig\u00f3w g\u0142owa w\u0119gorza. Gramatura: 60 80 100 120 gr. Pasuj\u0105ce haki VMC 5150RD Barbarian 8\/0. VMC 5150RD Barbarian 12\/0.\" \/>\n<meta name=\"robots\" content=\"index, follow, max-snippet:-1, max-image-preview:large, max-video-preview:-1\" \/>\n<link rel=\"canonical\" href=\"https:\/\/zakupynaryby.pl\/index.php\/product\/forma-do-jigow-glowa-wegorza\/\" \/>\n<meta property=\"og:locale\" content=\"pl_PL\" \/>\n<meta property=\"og:type\" content=\"article\" \/>\n<meta property=\"og:title\" content=\"Forma do jig\u00f3w g\u0142owa w\u0119gorza  F-205 ( 60 80 100 120 gr. ) - Formy w\u0119dkarskie\" \/>\n<meta property=\"og:description\" content=\"Forma do jig\u00f3w g\u0142owa w\u0119gorza. Gramatura: 60 80 100 120 gr. Pasuj\u0105ce haki VMC 5150RD Barbarian 8\/0. VMC 5150RD Barbarian 12\/0.\" \/>\n<meta property=\"og:url\" content=\"https:\/\/zakupynaryby.pl\/index.php\/product\/forma-do-jigow-glowa-wegorza\/\" \/>\n<meta property=\"og:site_name\" content=\"Formy w\u0119dkarskie\" \/>\n<meta property=\"article:modified_time\" content=\"2025-10-22T05:52:44+00:00\" \/>\n<meta property=\"og:image\" content=\"https:\/\/zakupynaryby.pl\/wp-content\/uploads\/2022\/05\/f205d.jpg\" \/>\n\t<meta property=\"og:image:width\" content=\"640\" \/>\n\t<meta property=\"og:image:height\" content=\"638\" \/>\n\t<meta property=\"og:image:type\" content=\"image\/jpeg\" \/>\n<meta name=\"twitter:card\" content=\"summary_large_image\" \/>\n<meta name=\"twitter:label1\" content=\"Szacowany czas czytania\" \/>\n\t<meta name=\"twitter:data1\" content=\"1 minuta\" \/>\n<script type=\"application\/ld+json\" class=\"yoast-schema-graph\">{\"@context\":\"https:\\\/\\\/schema.org\",\"@graph\":[{\"@type\":\"WebPage\",\"@id\":\"https:\\\/\\\/zakupynaryby.pl\\\/index.php\\\/product\\\/forma-do-jigow-glowa-wegorza\\\/\",\"url\":\"https:\\\/\\\/zakupynaryby.pl\\\/index.php\\\/product\\\/forma-do-jigow-glowa-wegorza\\\/\",\"name\":\"Forma do jig\u00f3w g\u0142owa w\u0119gorza F-205 ( 60 80 100 120 gr. ) - Formy w\u0119dkarskie\",\"isPartOf\":{\"@id\":\"https:\\\/\\\/zakupynaryby.pl\\\/#website\"},\"primaryImageOfPage\":{\"@id\":\"https:\\\/\\\/zakupynaryby.pl\\\/index.php\\\/product\\\/forma-do-jigow-glowa-wegorza\\\/#primaryimage\"},\"image\":{\"@id\":\"https:\\\/\\\/zakupynaryby.pl\\\/index.php\\\/product\\\/forma-do-jigow-glowa-wegorza\\\/#primaryimage\"},\"thumbnailUrl\":\"https:\\\/\\\/zakupynaryby.pl\\\/wp-content\\\/uploads\\\/2022\\\/05\\\/f205d.jpg\",\"datePublished\":\"2022-05-22T17:19:25+00:00\",\"dateModified\":\"2025-10-22T05:52:44+00:00\",\"description\":\"Forma do jig\u00f3w g\u0142owa w\u0119gorza. Gramatura: 60 80 100 120 gr. Pasuj\u0105ce haki VMC 5150RD Barbarian 8\\\/0. VMC 5150RD Barbarian 12\\\/0.\",\"breadcrumb\":{\"@id\":\"https:\\\/\\\/zakupynaryby.pl\\\/index.php\\\/product\\\/forma-do-jigow-glowa-wegorza\\\/#breadcrumb\"},\"inLanguage\":\"pl-PL\",\"potentialAction\":[{\"@type\":\"ReadAction\",\"target\":[\"https:\\\/\\\/zakupynaryby.pl\\\/index.php\\\/product\\\/forma-do-jigow-glowa-wegorza\\\/\"]}]},{\"@type\":\"ImageObject\",\"inLanguage\":\"pl-PL\",\"@id\":\"https:\\\/\\\/zakupynaryby.pl\\\/index.php\\\/product\\\/forma-do-jigow-glowa-wegorza\\\/#primaryimage\",\"url\":\"https:\\\/\\\/zakupynaryby.pl\\\/wp-content\\\/uploads\\\/2022\\\/05\\\/f205d.jpg\",\"contentUrl\":\"https:\\\/\\\/zakupynaryby.pl\\\/wp-content\\\/uploads\\\/2022\\\/05\\\/f205d.jpg\",\"width\":640,\"height\":638,\"caption\":\"f-205\"},{\"@type\":\"BreadcrumbList\",\"@id\":\"https:\\\/\\\/zakupynaryby.pl\\\/index.php\\\/product\\\/forma-do-jigow-glowa-wegorza\\\/#breadcrumb\",\"itemListElement\":[{\"@type\":\"ListItem\",\"position\":1,\"name\":\"Strona g\u0142\u00f3wna\",\"item\":\"https:\\\/\\\/zakupynaryby.pl\\\/\"},{\"@type\":\"ListItem\",\"position\":2,\"name\":\"Shop\",\"item\":\"https:\\\/\\\/zakupynaryby.pl\\\/index.php\\\/shop\\\/\"},{\"@type\":\"ListItem\",\"position\":3,\"name\":\"Forma do jig\u00f3w g\u0142owa w\u0119gorza F-205 ( 60 80 100 120 gr. )\"}]},{\"@type\":\"WebSite\",\"@id\":\"https:\\\/\\\/zakupynaryby.pl\\\/#website\",\"url\":\"https:\\\/\\\/zakupynaryby.pl\\\/\",\"name\":\"Formy w\u0119dkarskie\",\"description\":\"Formy do odlewania ci\u0119\u017cark&oacute;w w\u0119dkarskich\",\"publisher\":{\"@id\":\"https:\\\/\\\/zakupynaryby.pl\\\/#organization\"},\"potentialAction\":[{\"@type\":\"SearchAction\",\"target\":{\"@type\":\"EntryPoint\",\"urlTemplate\":\"https:\\\/\\\/zakupynaryby.pl\\\/?s={search_term_string}\"},\"query-input\":{\"@type\":\"PropertyValueSpecification\",\"valueRequired\":true,\"valueName\":\"search_term_string\"}}],\"inLanguage\":\"pl-PL\"},{\"@type\":\"Organization\",\"@id\":\"https:\\\/\\\/zakupynaryby.pl\\\/#organization\",\"name\":\"Formy w\u0119dkarskie\",\"url\":\"https:\\\/\\\/zakupynaryby.pl\\\/\",\"logo\":{\"@type\":\"ImageObject\",\"inLanguage\":\"pl-PL\",\"@id\":\"https:\\\/\\\/zakupynaryby.pl\\\/#\\\/schema\\\/logo\\\/image\\\/\",\"url\":\"https:\\\/\\\/zakupynaryby.pl\\\/wp-content\\\/uploads\\\/2022\\\/05\\\/zakupy.jpg\",\"contentUrl\":\"https:\\\/\\\/zakupynaryby.pl\\\/wp-content\\\/uploads\\\/2022\\\/05\\\/zakupy.jpg\",\"width\":500,\"height\":153,\"caption\":\"Formy w\u0119dkarskie\"},\"image\":{\"@id\":\"https:\\\/\\\/zakupynaryby.pl\\\/#\\\/schema\\\/logo\\\/image\\\/\"}}]}<\/script>\n<!-- \/ Yoast SEO plugin. -->","yoast_head_json":{"title":"Forma do jig\u00f3w g\u0142owa w\u0119gorza  F-205 ( 60 80 100 120 gr. ) - Formy w\u0119dkarskie","description":"Forma do jig\u00f3w g\u0142owa w\u0119gorza. Gramatura: 60 80 100 120 gr. Pasuj\u0105ce haki VMC 5150RD Barbarian 8\/0. VMC 5150RD Barbarian 12\/0.","robots":{"index":"index","follow":"follow","max-snippet":"max-snippet:-1","max-image-preview":"max-image-preview:large","max-video-preview":"max-video-preview:-1"},"canonical":"https:\/\/zakupynaryby.pl\/index.php\/product\/forma-do-jigow-glowa-wegorza\/","og_locale":"pl_PL","og_type":"article","og_title":"Forma do jig\u00f3w g\u0142owa w\u0119gorza  F-205 ( 60 80 100 120 gr. ) - Formy w\u0119dkarskie","og_description":"Forma do jig\u00f3w g\u0142owa w\u0119gorza. Gramatura: 60 80 100 120 gr. Pasuj\u0105ce haki VMC 5150RD Barbarian 8\/0. VMC 5150RD Barbarian 12\/0.","og_url":"https:\/\/zakupynaryby.pl\/index.php\/product\/forma-do-jigow-glowa-wegorza\/","og_site_name":"Formy w\u0119dkarskie","article_modified_time":"2025-10-22T05:52:44+00:00","og_image":[{"width":640,"height":638,"url":"https:\/\/zakupynaryby.pl\/wp-content\/uploads\/2022\/05\/f205d.jpg","type":"image\/jpeg"}],"twitter_card":"summary_large_image","twitter_misc":{"Szacowany czas czytania":"1 minuta"},"schema":{"@context":"https:\/\/schema.org","@graph":[{"@type":"WebPage","@id":"https:\/\/zakupynaryby.pl\/index.php\/product\/forma-do-jigow-glowa-wegorza\/","url":"https:\/\/zakupynaryby.pl\/index.php\/product\/forma-do-jigow-glowa-wegorza\/","name":"Forma do jig\u00f3w g\u0142owa w\u0119gorza F-205 ( 60 80 100 120 gr. ) - Formy w\u0119dkarskie","isPartOf":{"@id":"https:\/\/zakupynaryby.pl\/#website"},"primaryImageOfPage":{"@id":"https:\/\/zakupynaryby.pl\/index.php\/product\/forma-do-jigow-glowa-wegorza\/#primaryimage"},"image":{"@id":"https:\/\/zakupynaryby.pl\/index.php\/product\/forma-do-jigow-glowa-wegorza\/#primaryimage"},"thumbnailUrl":"https:\/\/zakupynaryby.pl\/wp-content\/uploads\/2022\/05\/f205d.jpg","datePublished":"2022-05-22T17:19:25+00:00","dateModified":"2025-10-22T05:52:44+00:00","description":"Forma do jig\u00f3w g\u0142owa w\u0119gorza. Gramatura: 60 80 100 120 gr. Pasuj\u0105ce haki VMC 5150RD Barbarian 8\/0. VMC 5150RD Barbarian 12\/0.","breadcrumb":{"@id":"https:\/\/zakupynaryby.pl\/index.php\/product\/forma-do-jigow-glowa-wegorza\/#breadcrumb"},"inLanguage":"pl-PL","potentialAction":[{"@type":"ReadAction","target":["https:\/\/zakupynaryby.pl\/index.php\/product\/forma-do-jigow-glowa-wegorza\/"]}]},{"@type":"ImageObject","inLanguage":"pl-PL","@id":"https:\/\/zakupynaryby.pl\/index.php\/product\/forma-do-jigow-glowa-wegorza\/#primaryimage","url":"https:\/\/zakupynaryby.pl\/wp-content\/uploads\/2022\/05\/f205d.jpg","contentUrl":"https:\/\/zakupynaryby.pl\/wp-content\/uploads\/2022\/05\/f205d.jpg","width":640,"height":638,"caption":"f-205"},{"@type":"BreadcrumbList","@id":"https:\/\/zakupynaryby.pl\/index.php\/product\/forma-do-jigow-glowa-wegorza\/#breadcrumb","itemListElement":[{"@type":"ListItem","position":1,"name":"Strona g\u0142\u00f3wna","item":"https:\/\/zakupynaryby.pl\/"},{"@type":"ListItem","position":2,"name":"Shop","item":"https:\/\/zakupynaryby.pl\/index.php\/shop\/"},{"@type":"ListItem","position":3,"name":"Forma do jig\u00f3w g\u0142owa w\u0119gorza F-205 ( 60 80 100 120 gr. )"}]},{"@type":"WebSite","@id":"https:\/\/zakupynaryby.pl\/#website","url":"https:\/\/zakupynaryby.pl\/","name":"Formy w\u0119dkarskie","description":"Formy do odlewania ci\u0119\u017cark&oacute;w w\u0119dkarskich","publisher":{"@id":"https:\/\/zakupynaryby.pl\/#organization"},"potentialAction":[{"@type":"SearchAction","target":{"@type":"EntryPoint","urlTemplate":"https:\/\/zakupynaryby.pl\/?s={search_term_string}"},"query-input":{"@type":"PropertyValueSpecification","valueRequired":true,"valueName":"search_term_string"}}],"inLanguage":"pl-PL"},{"@type":"Organization","@id":"https:\/\/zakupynaryby.pl\/#organization","name":"Formy w\u0119dkarskie","url":"https:\/\/zakupynaryby.pl\/","logo":{"@type":"ImageObject","inLanguage":"pl-PL","@id":"https:\/\/zakupynaryby.pl\/#\/schema\/logo\/image\/","url":"https:\/\/zakupynaryby.pl\/wp-content\/uploads\/2022\/05\/zakupy.jpg","contentUrl":"https:\/\/zakupynaryby.pl\/wp-content\/uploads\/2022\/05\/zakupy.jpg","width":500,"height":153,"caption":"Formy w\u0119dkarskie"},"image":{"@id":"https:\/\/zakupynaryby.pl\/#\/schema\/logo\/image\/"}}]}},"_links":{"self":[{"href":"https:\/\/zakupynaryby.pl\/index.php\/wp-json\/wp\/v2\/product\/1242","targetHints":{"allow":["GET"]}}],"collection":[{"href":"https:\/\/zakupynaryby.pl\/index.php\/wp-json\/wp\/v2\/product"}],"about":[{"href":"https:\/\/zakupynaryby.pl\/index.php\/wp-json\/wp\/v2\/types\/product"}],"wp:featuredmedia":[{"embeddable":true,"href":"https:\/\/zakupynaryby.pl\/index.php\/wp-json\/wp\/v2\/media\/2871"}],"wp:attachment":[{"href":"https:\/\/zakupynaryby.pl\/index.php\/wp-json\/wp\/v2\/media?parent=1242"}],"wp:term":[{"taxonomy":"product_brand","embeddable":true,"href":"https:\/\/zakupynaryby.pl\/index.php\/wp-json\/wp\/v2\/product_brand?post=1242"},{"taxonomy":"product_cat","embeddable":true,"href":"https:\/\/zakupynaryby.pl\/index.php\/wp-json\/wp\/v2\/product_cat?post=1242"},{"taxonomy":"product_tag","embeddable":true,"href":"https:\/\/zakupynaryby.pl\/index.php\/wp-json\/wp\/v2\/product_tag?post=1242"}],"curies":[{"name":"wp","href":"https:\/\/api.w.org\/{rel}","templated":true}]}}