{"id":1295,"date":"2022-05-23T15:30:05","date_gmt":"2022-05-23T13:30:05","guid":{"rendered":"https:\/\/www.zakupynaryby.pl\/?post_type=product&#038;p=1295"},"modified":"2026-03-27T09:11:30","modified_gmt":"2026-03-27T08:11:30","slug":"forma-146-4-5-8-12-15-gram","status":"publish","type":"product","link":"https:\/\/zakupynaryby.pl\/index.php\/product\/forma-146-4-5-8-12-15-gram\/","title":{"rendered":"Forma w\u0119dkarska 146 <br> ( 4 * 5 * 8 * 12 * 15 gram )"},"content":{"rendered":"<p>Forma w\u0119dkarska do odlewania g\u0142\u00f3wek jigowych ( okr\u0105g\u0142e g\u0142\u00f3wki ).<\/p>\n<p>G\u0142\u00f3wki posiadaj\u0105 gniazda na oczy 8 mm.<\/p>\n<p>Haki pasuj\u0105 do wszystkich gniazd.<\/p>\n<p>Hak: VMC 5150 Barbarian 1 2 1\/0 2\/0 3\/0 4\/0<\/p>\n<p>Hak: VMC 9147 Aberdeen 3\/0 4\/0<\/p>\n<p>Waga: ok. 4 5 8 12 15 g\u00a0\u00a0waga r\u00f3\u017cni si\u0119 w zale\u017cno\u015bci od rozmiaru haczyka.<\/p>\n","protected":false},"excerpt":{"rendered":"<p>Forma w\u0119dkarska do odlewania g\u0142\u00f3wek jigowych ( okr\u0105g\u0142e g\u0142\u00f3wki ).<\/p>\n<p>G\u0142\u00f3wki posiadaj\u0105 gniazda na oczy 8 mm.<\/p>\n<p>Haki pasuj\u0105 do wszystkich gniazd.<\/p>\n<p>Hak: VMC 5150 Barbarian 1 2 1\/0 2\/0 3\/0 4\/0<\/p>\n<p>Hak: VMC 9147 Aberdeen 3\/0 4\/0<\/p>\n<p>Waga: ok. 4 5 8 12 15 g\u00a0\u00a0waga r\u00f3\u017cni si\u0119 w zale\u017cno\u015bci od rozmiaru haczyka.<\/p>\n","protected":false},"featured_media":4336,"template":"","meta":[],"product_brand":[],"product_cat":[55,44,78,16],"product_tag":[],"class_list":{"0":"post-1295","1":"product","2":"type-product","3":"status-publish","4":"has-post-thumbnail","6":"product_cat-jigi","7":"product_cat-formy-ciezarkow","8":"product_cat-formy-wedkarskie","9":"product_cat-wszystkie-produkty","11":"first","12":"instock","13":"sold-individually","14":"shipping-taxable","15":"purchasable","16":"product-type-simple"},"yoast_head":"<!-- This site is optimized with the Yoast SEO plugin v27.5 - https:\/\/yoast.com\/product\/yoast-seo-wordpress\/ -->\n<title>Forma w\u0119dkarska 146  ( 4 * 5 * 8 * 12 * 15 gram ) - Formy w\u0119dkarskie<\/title>\n<meta name=\"robots\" content=\"index, follow, max-snippet:-1, max-image-preview:large, max-video-preview:-1\" \/>\n<link rel=\"canonical\" href=\"https:\/\/zakupynaryby.pl\/index.php\/product\/forma-146-4-5-8-12-15-gram\/\" \/>\n<meta property=\"og:locale\" content=\"pl_PL\" \/>\n<meta property=\"og:type\" content=\"article\" \/>\n<meta property=\"og:title\" content=\"Forma w\u0119dkarska 146  ( 4 * 5 * 8 * 12 * 15 gram ) - Formy w\u0119dkarskie\" \/>\n<meta property=\"og:description\" content=\"Forma w\u0119dkarska do odlewania g\u0142\u00f3wek jigowych ( okr\u0105g\u0142e g\u0142\u00f3wki ).  G\u0142\u00f3wki posiadaj\u0105 gniazda na oczy 8 mm.  Haki pasuj\u0105 do wszystkich gniazd.  Hak: VMC 5150 Barbarian 1 2 1\/0 2\/0 3\/0 4\/0  Hak: VMC 9147 Aberdeen 3\/0 4\/0  Waga: ok. 4 5 8 12 15 g\u00a0\u00a0waga r\u00f3\u017cni si\u0119 w zale\u017cno\u015bci od rozmiaru haczyka.\" \/>\n<meta property=\"og:url\" content=\"https:\/\/zakupynaryby.pl\/index.php\/product\/forma-146-4-5-8-12-15-gram\/\" \/>\n<meta property=\"og:site_name\" content=\"Formy w\u0119dkarskie\" \/>\n<meta property=\"article:modified_time\" content=\"2026-03-27T08:11:30+00:00\" \/>\n<meta property=\"og:image\" content=\"https:\/\/zakupynaryby.pl\/wp-content\/uploads\/2022\/05\/f146-2.jpg\" \/>\n\t<meta property=\"og:image:width\" content=\"600\" \/>\n\t<meta property=\"og:image:height\" content=\"600\" \/>\n\t<meta property=\"og:image:type\" content=\"image\/jpeg\" \/>\n<meta name=\"twitter:card\" content=\"summary_large_image\" \/>\n<script type=\"application\/ld+json\" class=\"yoast-schema-graph\">{\"@context\":\"https:\\\/\\\/schema.org\",\"@graph\":[{\"@type\":\"WebPage\",\"@id\":\"https:\\\/\\\/zakupynaryby.pl\\\/index.php\\\/product\\\/forma-146-4-5-8-12-15-gram\\\/\",\"url\":\"https:\\\/\\\/zakupynaryby.pl\\\/index.php\\\/product\\\/forma-146-4-5-8-12-15-gram\\\/\",\"name\":\"Forma w\u0119dkarska 146 ( 4 * 5 * 8 * 12 * 15 gram ) - Formy w\u0119dkarskie\",\"isPartOf\":{\"@id\":\"https:\\\/\\\/zakupynaryby.pl\\\/#website\"},\"primaryImageOfPage\":{\"@id\":\"https:\\\/\\\/zakupynaryby.pl\\\/index.php\\\/product\\\/forma-146-4-5-8-12-15-gram\\\/#primaryimage\"},\"image\":{\"@id\":\"https:\\\/\\\/zakupynaryby.pl\\\/index.php\\\/product\\\/forma-146-4-5-8-12-15-gram\\\/#primaryimage\"},\"thumbnailUrl\":\"https:\\\/\\\/zakupynaryby.pl\\\/wp-content\\\/uploads\\\/2022\\\/05\\\/f146-2.jpg\",\"datePublished\":\"2022-05-23T13:30:05+00:00\",\"dateModified\":\"2026-03-27T08:11:30+00:00\",\"breadcrumb\":{\"@id\":\"https:\\\/\\\/zakupynaryby.pl\\\/index.php\\\/product\\\/forma-146-4-5-8-12-15-gram\\\/#breadcrumb\"},\"inLanguage\":\"pl-PL\",\"potentialAction\":[{\"@type\":\"ReadAction\",\"target\":[\"https:\\\/\\\/zakupynaryby.pl\\\/index.php\\\/product\\\/forma-146-4-5-8-12-15-gram\\\/\"]}]},{\"@type\":\"ImageObject\",\"inLanguage\":\"pl-PL\",\"@id\":\"https:\\\/\\\/zakupynaryby.pl\\\/index.php\\\/product\\\/forma-146-4-5-8-12-15-gram\\\/#primaryimage\",\"url\":\"https:\\\/\\\/zakupynaryby.pl\\\/wp-content\\\/uploads\\\/2022\\\/05\\\/f146-2.jpg\",\"contentUrl\":\"https:\\\/\\\/zakupynaryby.pl\\\/wp-content\\\/uploads\\\/2022\\\/05\\\/f146-2.jpg\",\"width\":600,\"height\":600,\"caption\":\"Forma w\u0119dkarska 146\"},{\"@type\":\"BreadcrumbList\",\"@id\":\"https:\\\/\\\/zakupynaryby.pl\\\/index.php\\\/product\\\/forma-146-4-5-8-12-15-gram\\\/#breadcrumb\",\"itemListElement\":[{\"@type\":\"ListItem\",\"position\":1,\"name\":\"Strona g\u0142\u00f3wna\",\"item\":\"https:\\\/\\\/zakupynaryby.pl\\\/\"},{\"@type\":\"ListItem\",\"position\":2,\"name\":\"Shop\",\"item\":\"https:\\\/\\\/zakupynaryby.pl\\\/index.php\\\/shop\\\/\"},{\"@type\":\"ListItem\",\"position\":3,\"name\":\"Forma w\u0119dkarska 146 ( 4 * 5 * 8 * 12 * 15 gram )\"}]},{\"@type\":\"WebSite\",\"@id\":\"https:\\\/\\\/zakupynaryby.pl\\\/#website\",\"url\":\"https:\\\/\\\/zakupynaryby.pl\\\/\",\"name\":\"Formy w\u0119dkarskie\",\"description\":\"Formy do odlewania ci\u0119\u017cark&oacute;w w\u0119dkarskich\",\"publisher\":{\"@id\":\"https:\\\/\\\/zakupynaryby.pl\\\/#organization\"},\"potentialAction\":[{\"@type\":\"SearchAction\",\"target\":{\"@type\":\"EntryPoint\",\"urlTemplate\":\"https:\\\/\\\/zakupynaryby.pl\\\/?s={search_term_string}\"},\"query-input\":{\"@type\":\"PropertyValueSpecification\",\"valueRequired\":true,\"valueName\":\"search_term_string\"}}],\"inLanguage\":\"pl-PL\"},{\"@type\":\"Organization\",\"@id\":\"https:\\\/\\\/zakupynaryby.pl\\\/#organization\",\"name\":\"Formy w\u0119dkarskie\",\"url\":\"https:\\\/\\\/zakupynaryby.pl\\\/\",\"logo\":{\"@type\":\"ImageObject\",\"inLanguage\":\"pl-PL\",\"@id\":\"https:\\\/\\\/zakupynaryby.pl\\\/#\\\/schema\\\/logo\\\/image\\\/\",\"url\":\"https:\\\/\\\/zakupynaryby.pl\\\/wp-content\\\/uploads\\\/2022\\\/05\\\/zakupy.jpg\",\"contentUrl\":\"https:\\\/\\\/zakupynaryby.pl\\\/wp-content\\\/uploads\\\/2022\\\/05\\\/zakupy.jpg\",\"width\":500,\"height\":153,\"caption\":\"Formy w\u0119dkarskie\"},\"image\":{\"@id\":\"https:\\\/\\\/zakupynaryby.pl\\\/#\\\/schema\\\/logo\\\/image\\\/\"}}]}<\/script>\n<!-- \/ Yoast SEO plugin. -->","yoast_head_json":{"title":"Forma w\u0119dkarska 146  ( 4 * 5 * 8 * 12 * 15 gram ) - Formy w\u0119dkarskie","robots":{"index":"index","follow":"follow","max-snippet":"max-snippet:-1","max-image-preview":"max-image-preview:large","max-video-preview":"max-video-preview:-1"},"canonical":"https:\/\/zakupynaryby.pl\/index.php\/product\/forma-146-4-5-8-12-15-gram\/","og_locale":"pl_PL","og_type":"article","og_title":"Forma w\u0119dkarska 146  ( 4 * 5 * 8 * 12 * 15 gram ) - Formy w\u0119dkarskie","og_description":"Forma w\u0119dkarska do odlewania g\u0142\u00f3wek jigowych ( okr\u0105g\u0142e g\u0142\u00f3wki ).  G\u0142\u00f3wki posiadaj\u0105 gniazda na oczy 8 mm.  Haki pasuj\u0105 do wszystkich gniazd.  Hak: VMC 5150 Barbarian 1 2 1\/0 2\/0 3\/0 4\/0  Hak: VMC 9147 Aberdeen 3\/0 4\/0  Waga: ok. 4 5 8 12 15 g\u00a0\u00a0waga r\u00f3\u017cni si\u0119 w zale\u017cno\u015bci od rozmiaru haczyka.","og_url":"https:\/\/zakupynaryby.pl\/index.php\/product\/forma-146-4-5-8-12-15-gram\/","og_site_name":"Formy w\u0119dkarskie","article_modified_time":"2026-03-27T08:11:30+00:00","og_image":[{"width":600,"height":600,"url":"https:\/\/zakupynaryby.pl\/wp-content\/uploads\/2022\/05\/f146-2.jpg","type":"image\/jpeg"}],"twitter_card":"summary_large_image","schema":{"@context":"https:\/\/schema.org","@graph":[{"@type":"WebPage","@id":"https:\/\/zakupynaryby.pl\/index.php\/product\/forma-146-4-5-8-12-15-gram\/","url":"https:\/\/zakupynaryby.pl\/index.php\/product\/forma-146-4-5-8-12-15-gram\/","name":"Forma w\u0119dkarska 146 ( 4 * 5 * 8 * 12 * 15 gram ) - Formy w\u0119dkarskie","isPartOf":{"@id":"https:\/\/zakupynaryby.pl\/#website"},"primaryImageOfPage":{"@id":"https:\/\/zakupynaryby.pl\/index.php\/product\/forma-146-4-5-8-12-15-gram\/#primaryimage"},"image":{"@id":"https:\/\/zakupynaryby.pl\/index.php\/product\/forma-146-4-5-8-12-15-gram\/#primaryimage"},"thumbnailUrl":"https:\/\/zakupynaryby.pl\/wp-content\/uploads\/2022\/05\/f146-2.jpg","datePublished":"2022-05-23T13:30:05+00:00","dateModified":"2026-03-27T08:11:30+00:00","breadcrumb":{"@id":"https:\/\/zakupynaryby.pl\/index.php\/product\/forma-146-4-5-8-12-15-gram\/#breadcrumb"},"inLanguage":"pl-PL","potentialAction":[{"@type":"ReadAction","target":["https:\/\/zakupynaryby.pl\/index.php\/product\/forma-146-4-5-8-12-15-gram\/"]}]},{"@type":"ImageObject","inLanguage":"pl-PL","@id":"https:\/\/zakupynaryby.pl\/index.php\/product\/forma-146-4-5-8-12-15-gram\/#primaryimage","url":"https:\/\/zakupynaryby.pl\/wp-content\/uploads\/2022\/05\/f146-2.jpg","contentUrl":"https:\/\/zakupynaryby.pl\/wp-content\/uploads\/2022\/05\/f146-2.jpg","width":600,"height":600,"caption":"Forma w\u0119dkarska 146"},{"@type":"BreadcrumbList","@id":"https:\/\/zakupynaryby.pl\/index.php\/product\/forma-146-4-5-8-12-15-gram\/#breadcrumb","itemListElement":[{"@type":"ListItem","position":1,"name":"Strona g\u0142\u00f3wna","item":"https:\/\/zakupynaryby.pl\/"},{"@type":"ListItem","position":2,"name":"Shop","item":"https:\/\/zakupynaryby.pl\/index.php\/shop\/"},{"@type":"ListItem","position":3,"name":"Forma w\u0119dkarska 146 ( 4 * 5 * 8 * 12 * 15 gram )"}]},{"@type":"WebSite","@id":"https:\/\/zakupynaryby.pl\/#website","url":"https:\/\/zakupynaryby.pl\/","name":"Formy w\u0119dkarskie","description":"Formy do odlewania ci\u0119\u017cark&oacute;w w\u0119dkarskich","publisher":{"@id":"https:\/\/zakupynaryby.pl\/#organization"},"potentialAction":[{"@type":"SearchAction","target":{"@type":"EntryPoint","urlTemplate":"https:\/\/zakupynaryby.pl\/?s={search_term_string}"},"query-input":{"@type":"PropertyValueSpecification","valueRequired":true,"valueName":"search_term_string"}}],"inLanguage":"pl-PL"},{"@type":"Organization","@id":"https:\/\/zakupynaryby.pl\/#organization","name":"Formy w\u0119dkarskie","url":"https:\/\/zakupynaryby.pl\/","logo":{"@type":"ImageObject","inLanguage":"pl-PL","@id":"https:\/\/zakupynaryby.pl\/#\/schema\/logo\/image\/","url":"https:\/\/zakupynaryby.pl\/wp-content\/uploads\/2022\/05\/zakupy.jpg","contentUrl":"https:\/\/zakupynaryby.pl\/wp-content\/uploads\/2022\/05\/zakupy.jpg","width":500,"height":153,"caption":"Formy w\u0119dkarskie"},"image":{"@id":"https:\/\/zakupynaryby.pl\/#\/schema\/logo\/image\/"}}]}},"_links":{"self":[{"href":"https:\/\/zakupynaryby.pl\/index.php\/wp-json\/wp\/v2\/product\/1295","targetHints":{"allow":["GET"]}}],"collection":[{"href":"https:\/\/zakupynaryby.pl\/index.php\/wp-json\/wp\/v2\/product"}],"about":[{"href":"https:\/\/zakupynaryby.pl\/index.php\/wp-json\/wp\/v2\/types\/product"}],"wp:featuredmedia":[{"embeddable":true,"href":"https:\/\/zakupynaryby.pl\/index.php\/wp-json\/wp\/v2\/media\/4336"}],"wp:attachment":[{"href":"https:\/\/zakupynaryby.pl\/index.php\/wp-json\/wp\/v2\/media?parent=1295"}],"wp:term":[{"taxonomy":"product_brand","embeddable":true,"href":"https:\/\/zakupynaryby.pl\/index.php\/wp-json\/wp\/v2\/product_brand?post=1295"},{"taxonomy":"product_cat","embeddable":true,"href":"https:\/\/zakupynaryby.pl\/index.php\/wp-json\/wp\/v2\/product_cat?post=1295"},{"taxonomy":"product_tag","embeddable":true,"href":"https:\/\/zakupynaryby.pl\/index.php\/wp-json\/wp\/v2\/product_tag?post=1295"}],"curies":[{"name":"wp","href":"https:\/\/api.w.org\/{rel}","templated":true}]}}