{"id":3392,"date":"2022-09-30T22:02:52","date_gmt":"2022-09-30T20:02:52","guid":{"rendered":"https:\/\/www.zakupynaryby.pl\/?post_type=product&#038;p=3392"},"modified":"2025-10-22T07:42:19","modified_gmt":"2025-10-22T05:42:19","slug":"kretliki-morskie-wytrzymalosc-45-kg-20-sztuk","status":"publish","type":"product","link":"https:\/\/zakupynaryby.pl\/index.php\/product\/kretliki-morskie-wytrzymalosc-45-kg-20-sztuk\/","title":{"rendered":"Kr\u0119tliki morskie <br> Wytrzyma\u0142o\u015b\u0107 45 kg ( 20 sztuk )"},"content":{"rendered":"<p>Wysokiej jako\u015bci kr\u0119tliki w\u0119dkarskie do r\u00f3\u017cnego rodzaj\u00f3w zestaw\u00f3w, skutecznie eliminuj\u0105ce skr\u0119canie linki.<\/p>\n<p>Wyj\u0105tkowo mocne i wytrzyma\u0142e, pasuj\u0105ce do sprzedawanych przez nas form w\u0119dkarskich.<\/p>\n<p>Pakowane s\u0105 po 20 sztuk w opakowaniu.<\/p>\n","protected":false},"excerpt":{"rendered":"<p>Wysokiej jako\u015bci kr\u0119tliki w\u0119dkarskie do r\u00f3\u017cnego rodzaj\u00f3w zestaw\u00f3w, skutecznie eliminuj\u0105ce skr\u0119canie linki.<\/p>\n<p>Wyj\u0105tkowo mocne i wytrzyma\u0142e, pasuj\u0105ce do sprzedawanych przez nas form w\u0119dkarskich.<\/p>\n<p>Ca\u0142kowita d\u0142ugo\u015b\u0107 &#8211; 20 mm, \u015brednica bary\u0142ki &#8211; 4,5 mm, \u015brednica zewn\u0119trzna oczka &#8211; 5,5 mm.<\/p>\n<p>Pakowane s\u0105 po 20 sztuk w opakowaniu.<\/p>\n","protected":false},"featured_media":4016,"template":"","meta":[],"product_brand":[],"product_cat":[107,34,16],"product_tag":[],"class_list":{"0":"post-3392","1":"product","2":"type-product","3":"status-publish","4":"has-post-thumbnail","6":"product_cat-kretliki","7":"product_cat-akcesoria-wedkarskie","8":"product_cat-wszystkie-produkty","10":"first","11":"instock","12":"shipping-taxable","13":"purchasable","14":"product-type-simple"},"yoast_head":"<!-- This site is optimized with the Yoast SEO plugin v27.3 - https:\/\/yoast.com\/product\/yoast-seo-wordpress\/ -->\n<title>Kr\u0119tliki morskie  Wytrzyma\u0142o\u015b\u0107 45 kg ( 20 sztuk ) - Formy w\u0119dkarskie<\/title>\n<meta name=\"robots\" content=\"index, follow, max-snippet:-1, max-image-preview:large, max-video-preview:-1\" \/>\n<link rel=\"canonical\" href=\"https:\/\/zakupynaryby.pl\/index.php\/product\/kretliki-morskie-wytrzymalosc-45-kg-20-sztuk\/\" \/>\n<meta property=\"og:locale\" content=\"pl_PL\" \/>\n<meta property=\"og:type\" content=\"article\" \/>\n<meta property=\"og:title\" content=\"Kr\u0119tliki morskie  Wytrzyma\u0142o\u015b\u0107 45 kg ( 20 sztuk ) - Formy w\u0119dkarskie\" \/>\n<meta property=\"og:description\" content=\"Wysokiej jako\u015bci kr\u0119tliki w\u0119dkarskie do r\u00f3\u017cnego rodzaj\u00f3w zestaw\u00f3w, skutecznie eliminuj\u0105ce skr\u0119canie linki.  Wyj\u0105tkowo mocne i wytrzyma\u0142e, pasuj\u0105ce do sprzedawanych przez nas form w\u0119dkarskich.  Ca\u0142kowita d\u0142ugo\u015b\u0107 - 20 mm, \u015brednica bary\u0142ki - 4,5 mm, \u015brednica zewn\u0119trzna oczka - 5,5 mm.  Pakowane s\u0105 po 20 sztuk w opakowaniu.\" \/>\n<meta property=\"og:url\" content=\"https:\/\/zakupynaryby.pl\/index.php\/product\/kretliki-morskie-wytrzymalosc-45-kg-20-sztuk\/\" \/>\n<meta property=\"og:site_name\" content=\"Formy w\u0119dkarskie\" \/>\n<meta property=\"article:modified_time\" content=\"2025-10-22T05:42:19+00:00\" \/>\n<meta property=\"og:image\" content=\"https:\/\/zakupynaryby.pl\/wp-content\/uploads\/2022\/09\/KRETLIK-45-kg3-e1735291253185.jpg\" \/>\n\t<meta property=\"og:image:width\" content=\"550\" \/>\n\t<meta property=\"og:image:height\" content=\"550\" \/>\n\t<meta property=\"og:image:type\" content=\"image\/jpeg\" \/>\n<meta name=\"twitter:card\" content=\"summary_large_image\" \/>\n<meta name=\"twitter:label1\" content=\"Szacowany czas czytania\" \/>\n\t<meta name=\"twitter:data1\" content=\"1 minuta\" \/>\n<script type=\"application\/ld+json\" class=\"yoast-schema-graph\">{\"@context\":\"https:\\\/\\\/schema.org\",\"@graph\":[{\"@type\":\"WebPage\",\"@id\":\"https:\\\/\\\/zakupynaryby.pl\\\/index.php\\\/product\\\/kretliki-morskie-wytrzymalosc-45-kg-20-sztuk\\\/\",\"url\":\"https:\\\/\\\/zakupynaryby.pl\\\/index.php\\\/product\\\/kretliki-morskie-wytrzymalosc-45-kg-20-sztuk\\\/\",\"name\":\"Kr\u0119tliki morskie Wytrzyma\u0142o\u015b\u0107 45 kg ( 20 sztuk ) - Formy w\u0119dkarskie\",\"isPartOf\":{\"@id\":\"https:\\\/\\\/zakupynaryby.pl\\\/#website\"},\"primaryImageOfPage\":{\"@id\":\"https:\\\/\\\/zakupynaryby.pl\\\/index.php\\\/product\\\/kretliki-morskie-wytrzymalosc-45-kg-20-sztuk\\\/#primaryimage\"},\"image\":{\"@id\":\"https:\\\/\\\/zakupynaryby.pl\\\/index.php\\\/product\\\/kretliki-morskie-wytrzymalosc-45-kg-20-sztuk\\\/#primaryimage\"},\"thumbnailUrl\":\"https:\\\/\\\/zakupynaryby.pl\\\/wp-content\\\/uploads\\\/2022\\\/09\\\/KRETLIK-45-kg3-e1735291253185.jpg\",\"datePublished\":\"2022-09-30T20:02:52+00:00\",\"dateModified\":\"2025-10-22T05:42:19+00:00\",\"breadcrumb\":{\"@id\":\"https:\\\/\\\/zakupynaryby.pl\\\/index.php\\\/product\\\/kretliki-morskie-wytrzymalosc-45-kg-20-sztuk\\\/#breadcrumb\"},\"inLanguage\":\"pl-PL\",\"potentialAction\":[{\"@type\":\"ReadAction\",\"target\":[\"https:\\\/\\\/zakupynaryby.pl\\\/index.php\\\/product\\\/kretliki-morskie-wytrzymalosc-45-kg-20-sztuk\\\/\"]}]},{\"@type\":\"ImageObject\",\"inLanguage\":\"pl-PL\",\"@id\":\"https:\\\/\\\/zakupynaryby.pl\\\/index.php\\\/product\\\/kretliki-morskie-wytrzymalosc-45-kg-20-sztuk\\\/#primaryimage\",\"url\":\"https:\\\/\\\/zakupynaryby.pl\\\/wp-content\\\/uploads\\\/2022\\\/09\\\/KRETLIK-45-kg3-e1735291253185.jpg\",\"contentUrl\":\"https:\\\/\\\/zakupynaryby.pl\\\/wp-content\\\/uploads\\\/2022\\\/09\\\/KRETLIK-45-kg3-e1735291253185.jpg\",\"width\":550,\"height\":550,\"caption\":\"kr\u0119tliki do 45 kg\"},{\"@type\":\"BreadcrumbList\",\"@id\":\"https:\\\/\\\/zakupynaryby.pl\\\/index.php\\\/product\\\/kretliki-morskie-wytrzymalosc-45-kg-20-sztuk\\\/#breadcrumb\",\"itemListElement\":[{\"@type\":\"ListItem\",\"position\":1,\"name\":\"Strona g\u0142\u00f3wna\",\"item\":\"https:\\\/\\\/zakupynaryby.pl\\\/\"},{\"@type\":\"ListItem\",\"position\":2,\"name\":\"Shop\",\"item\":\"https:\\\/\\\/zakupynaryby.pl\\\/index.php\\\/shop\\\/\"},{\"@type\":\"ListItem\",\"position\":3,\"name\":\"Kr\u0119tliki morskie Wytrzyma\u0142o\u015b\u0107 45 kg ( 20 sztuk )\"}]},{\"@type\":\"WebSite\",\"@id\":\"https:\\\/\\\/zakupynaryby.pl\\\/#website\",\"url\":\"https:\\\/\\\/zakupynaryby.pl\\\/\",\"name\":\"Formy w\u0119dkarskie\",\"description\":\"Formy do odlewania ci\u0119\u017cark&oacute;w w\u0119dkarskich\",\"publisher\":{\"@id\":\"https:\\\/\\\/zakupynaryby.pl\\\/#organization\"},\"potentialAction\":[{\"@type\":\"SearchAction\",\"target\":{\"@type\":\"EntryPoint\",\"urlTemplate\":\"https:\\\/\\\/zakupynaryby.pl\\\/?s={search_term_string}\"},\"query-input\":{\"@type\":\"PropertyValueSpecification\",\"valueRequired\":true,\"valueName\":\"search_term_string\"}}],\"inLanguage\":\"pl-PL\"},{\"@type\":\"Organization\",\"@id\":\"https:\\\/\\\/zakupynaryby.pl\\\/#organization\",\"name\":\"Formy w\u0119dkarskie\",\"url\":\"https:\\\/\\\/zakupynaryby.pl\\\/\",\"logo\":{\"@type\":\"ImageObject\",\"inLanguage\":\"pl-PL\",\"@id\":\"https:\\\/\\\/zakupynaryby.pl\\\/#\\\/schema\\\/logo\\\/image\\\/\",\"url\":\"https:\\\/\\\/zakupynaryby.pl\\\/wp-content\\\/uploads\\\/2022\\\/05\\\/zakupy.jpg\",\"contentUrl\":\"https:\\\/\\\/zakupynaryby.pl\\\/wp-content\\\/uploads\\\/2022\\\/05\\\/zakupy.jpg\",\"width\":500,\"height\":153,\"caption\":\"Formy w\u0119dkarskie\"},\"image\":{\"@id\":\"https:\\\/\\\/zakupynaryby.pl\\\/#\\\/schema\\\/logo\\\/image\\\/\"}}]}<\/script>\n<!-- \/ Yoast SEO plugin. -->","yoast_head_json":{"title":"Kr\u0119tliki morskie  Wytrzyma\u0142o\u015b\u0107 45 kg ( 20 sztuk ) - Formy w\u0119dkarskie","robots":{"index":"index","follow":"follow","max-snippet":"max-snippet:-1","max-image-preview":"max-image-preview:large","max-video-preview":"max-video-preview:-1"},"canonical":"https:\/\/zakupynaryby.pl\/index.php\/product\/kretliki-morskie-wytrzymalosc-45-kg-20-sztuk\/","og_locale":"pl_PL","og_type":"article","og_title":"Kr\u0119tliki morskie  Wytrzyma\u0142o\u015b\u0107 45 kg ( 20 sztuk ) - Formy w\u0119dkarskie","og_description":"Wysokiej jako\u015bci kr\u0119tliki w\u0119dkarskie do r\u00f3\u017cnego rodzaj\u00f3w zestaw\u00f3w, skutecznie eliminuj\u0105ce skr\u0119canie linki.  Wyj\u0105tkowo mocne i wytrzyma\u0142e, pasuj\u0105ce do sprzedawanych przez nas form w\u0119dkarskich.  Ca\u0142kowita d\u0142ugo\u015b\u0107 - 20 mm, \u015brednica bary\u0142ki - 4,5 mm, \u015brednica zewn\u0119trzna oczka - 5,5 mm.  Pakowane s\u0105 po 20 sztuk w opakowaniu.","og_url":"https:\/\/zakupynaryby.pl\/index.php\/product\/kretliki-morskie-wytrzymalosc-45-kg-20-sztuk\/","og_site_name":"Formy w\u0119dkarskie","article_modified_time":"2025-10-22T05:42:19+00:00","og_image":[{"width":550,"height":550,"url":"https:\/\/zakupynaryby.pl\/wp-content\/uploads\/2022\/09\/KRETLIK-45-kg3-e1735291253185.jpg","type":"image\/jpeg"}],"twitter_card":"summary_large_image","twitter_misc":{"Szacowany czas czytania":"1 minuta"},"schema":{"@context":"https:\/\/schema.org","@graph":[{"@type":"WebPage","@id":"https:\/\/zakupynaryby.pl\/index.php\/product\/kretliki-morskie-wytrzymalosc-45-kg-20-sztuk\/","url":"https:\/\/zakupynaryby.pl\/index.php\/product\/kretliki-morskie-wytrzymalosc-45-kg-20-sztuk\/","name":"Kr\u0119tliki morskie Wytrzyma\u0142o\u015b\u0107 45 kg ( 20 sztuk ) - Formy w\u0119dkarskie","isPartOf":{"@id":"https:\/\/zakupynaryby.pl\/#website"},"primaryImageOfPage":{"@id":"https:\/\/zakupynaryby.pl\/index.php\/product\/kretliki-morskie-wytrzymalosc-45-kg-20-sztuk\/#primaryimage"},"image":{"@id":"https:\/\/zakupynaryby.pl\/index.php\/product\/kretliki-morskie-wytrzymalosc-45-kg-20-sztuk\/#primaryimage"},"thumbnailUrl":"https:\/\/zakupynaryby.pl\/wp-content\/uploads\/2022\/09\/KRETLIK-45-kg3-e1735291253185.jpg","datePublished":"2022-09-30T20:02:52+00:00","dateModified":"2025-10-22T05:42:19+00:00","breadcrumb":{"@id":"https:\/\/zakupynaryby.pl\/index.php\/product\/kretliki-morskie-wytrzymalosc-45-kg-20-sztuk\/#breadcrumb"},"inLanguage":"pl-PL","potentialAction":[{"@type":"ReadAction","target":["https:\/\/zakupynaryby.pl\/index.php\/product\/kretliki-morskie-wytrzymalosc-45-kg-20-sztuk\/"]}]},{"@type":"ImageObject","inLanguage":"pl-PL","@id":"https:\/\/zakupynaryby.pl\/index.php\/product\/kretliki-morskie-wytrzymalosc-45-kg-20-sztuk\/#primaryimage","url":"https:\/\/zakupynaryby.pl\/wp-content\/uploads\/2022\/09\/KRETLIK-45-kg3-e1735291253185.jpg","contentUrl":"https:\/\/zakupynaryby.pl\/wp-content\/uploads\/2022\/09\/KRETLIK-45-kg3-e1735291253185.jpg","width":550,"height":550,"caption":"kr\u0119tliki do 45 kg"},{"@type":"BreadcrumbList","@id":"https:\/\/zakupynaryby.pl\/index.php\/product\/kretliki-morskie-wytrzymalosc-45-kg-20-sztuk\/#breadcrumb","itemListElement":[{"@type":"ListItem","position":1,"name":"Strona g\u0142\u00f3wna","item":"https:\/\/zakupynaryby.pl\/"},{"@type":"ListItem","position":2,"name":"Shop","item":"https:\/\/zakupynaryby.pl\/index.php\/shop\/"},{"@type":"ListItem","position":3,"name":"Kr\u0119tliki morskie Wytrzyma\u0142o\u015b\u0107 45 kg ( 20 sztuk )"}]},{"@type":"WebSite","@id":"https:\/\/zakupynaryby.pl\/#website","url":"https:\/\/zakupynaryby.pl\/","name":"Formy w\u0119dkarskie","description":"Formy do odlewania ci\u0119\u017cark&oacute;w w\u0119dkarskich","publisher":{"@id":"https:\/\/zakupynaryby.pl\/#organization"},"potentialAction":[{"@type":"SearchAction","target":{"@type":"EntryPoint","urlTemplate":"https:\/\/zakupynaryby.pl\/?s={search_term_string}"},"query-input":{"@type":"PropertyValueSpecification","valueRequired":true,"valueName":"search_term_string"}}],"inLanguage":"pl-PL"},{"@type":"Organization","@id":"https:\/\/zakupynaryby.pl\/#organization","name":"Formy w\u0119dkarskie","url":"https:\/\/zakupynaryby.pl\/","logo":{"@type":"ImageObject","inLanguage":"pl-PL","@id":"https:\/\/zakupynaryby.pl\/#\/schema\/logo\/image\/","url":"https:\/\/zakupynaryby.pl\/wp-content\/uploads\/2022\/05\/zakupy.jpg","contentUrl":"https:\/\/zakupynaryby.pl\/wp-content\/uploads\/2022\/05\/zakupy.jpg","width":500,"height":153,"caption":"Formy w\u0119dkarskie"},"image":{"@id":"https:\/\/zakupynaryby.pl\/#\/schema\/logo\/image\/"}}]}},"_links":{"self":[{"href":"https:\/\/zakupynaryby.pl\/index.php\/wp-json\/wp\/v2\/product\/3392","targetHints":{"allow":["GET"]}}],"collection":[{"href":"https:\/\/zakupynaryby.pl\/index.php\/wp-json\/wp\/v2\/product"}],"about":[{"href":"https:\/\/zakupynaryby.pl\/index.php\/wp-json\/wp\/v2\/types\/product"}],"wp:featuredmedia":[{"embeddable":true,"href":"https:\/\/zakupynaryby.pl\/index.php\/wp-json\/wp\/v2\/media\/4016"}],"wp:attachment":[{"href":"https:\/\/zakupynaryby.pl\/index.php\/wp-json\/wp\/v2\/media?parent=3392"}],"wp:term":[{"taxonomy":"product_brand","embeddable":true,"href":"https:\/\/zakupynaryby.pl\/index.php\/wp-json\/wp\/v2\/product_brand?post=3392"},{"taxonomy":"product_cat","embeddable":true,"href":"https:\/\/zakupynaryby.pl\/index.php\/wp-json\/wp\/v2\/product_cat?post=3392"},{"taxonomy":"product_tag","embeddable":true,"href":"https:\/\/zakupynaryby.pl\/index.php\/wp-json\/wp\/v2\/product_tag?post=3392"}],"curies":[{"name":"wp","href":"https:\/\/api.w.org\/{rel}","templated":true}]}}