{"id":4403,"date":"2023-04-04T14:31:25","date_gmt":"2023-04-04T12:31:25","guid":{"rendered":"https:\/\/www.zakupynaryby.pl\/?post_type=product&#038;p=4403"},"modified":"2026-03-12T16:30:16","modified_gmt":"2026-03-12T15:30:16","slug":"przywieszki-na-dorsza-halibuta-czarniaka","status":"publish","type":"product","link":"https:\/\/zakupynaryby.pl\/index.php\/product\/przywieszki-na-dorsza-halibuta-czarniaka\/","title":{"rendered":"Przywieszki na dorsza halibuta czarniaka <br> O\u015aMIORNICZKI"},"content":{"rendered":"<p>Przywieszki na dorsza halibuta czarniaka.<\/p>\n<p>Zestaw: 3 x O\u015bmiorniczki 16 cm<\/p>\n<p>r\u00f3\u017cowo &#8211; niebieskie z brokatem, paski: r\u00f3\u017c UV,<\/p>\n<p>oczy luminescencyjne &#8211; \u015bwiec\u0105ce.<\/p>\n<p>Haki: Octopus 9\/0<\/p>\n<p>Kr\u0119tliki: nr 2\/0 + nr 1 z agrafk\u0105<\/p>\n<p>\u015arednica \u017cy\u0142ki: 0,90 mm<\/p>\n<p>D\u0142ugo\u015b\u0107 &#8211; 149 cm<\/p>\n<p>Trok &#8211; 9 cm<\/p>\n<p>Wytrzyma\u0142o\u015b\u0107 podana przez producenta 35,73kg<\/p>\n","protected":false},"excerpt":{"rendered":"<p>Zestaw: 3 x O\u015bmiorniczki 16 cm<\/p>\n<p>r\u00f3\u017cowo &#8211; niebieskie z brokatem, paski: r\u00f3\u017c UV,<\/p>\n<p>oczy luminescencyjne &#8211; \u015bwiec\u0105ce,<\/p>\n<p>Haki: Octopus 9\/0<\/p>\n<p>Kr\u0119tliki:\u00a0 nr 2\/0 + nr 1 z agrafk\u0105<\/p>\n<p>\u015arednica \u017cy\u0142ki: 0,90 mm<\/p>\n<p>D\u0142ugo\u015b\u0107 &#8211; 149 cm<\/p>\n<p>Trok &#8211; 9 cm<\/p>\n<p>Wytrzyma\u0142o\u015b\u0107 podana przez producenta 35,73kg<\/p>\n","protected":false},"featured_media":4475,"template":"","meta":[],"product_brand":[],"product_cat":[110,34,69],"product_tag":[],"class_list":{"0":"post-4403","1":"product","2":"type-product","3":"status-publish","4":"has-post-thumbnail","6":"product_cat-inne-2","7":"product_cat-akcesoria-wedkarskie","8":"product_cat-zestawy","10":"first","11":"instock","12":"shipping-taxable","13":"purchasable","14":"product-type-simple"},"yoast_head":"<!-- This site is optimized with the Yoast SEO plugin v27.3 - https:\/\/yoast.com\/product\/yoast-seo-wordpress\/ -->\n<title>Przywieszki na dorsza halibuta czarniaka  O\u015aMIORNICZKI - Formy w\u0119dkarskie<\/title>\n<meta name=\"description\" content=\"Przywieszki na dorsza halibuta czarniaka. Zestaw: 3 x O\u015bmiorniczki 16 cm r\u00f3\u017cowo - niebieskie z brokatem, paski: r\u00f3\u017c UV, oczy luminescencyjne - \u015bwiec\u0105ce.\" \/>\n<meta name=\"robots\" content=\"index, follow, max-snippet:-1, max-image-preview:large, max-video-preview:-1\" \/>\n<link rel=\"canonical\" href=\"https:\/\/zakupynaryby.pl\/index.php\/product\/przywieszki-na-dorsza-halibuta-czarniaka\/\" \/>\n<meta property=\"og:locale\" content=\"pl_PL\" \/>\n<meta property=\"og:type\" content=\"article\" \/>\n<meta property=\"og:title\" content=\"Przywieszki na dorsza halibuta czarniaka  O\u015aMIORNICZKI - Formy w\u0119dkarskie\" \/>\n<meta property=\"og:description\" content=\"Przywieszki na dorsza halibuta czarniaka. Zestaw: 3 x O\u015bmiorniczki 16 cm r\u00f3\u017cowo - niebieskie z brokatem, paski: r\u00f3\u017c UV, oczy luminescencyjne - \u015bwiec\u0105ce.\" \/>\n<meta property=\"og:url\" content=\"https:\/\/zakupynaryby.pl\/index.php\/product\/przywieszki-na-dorsza-halibuta-czarniaka\/\" \/>\n<meta property=\"og:site_name\" content=\"Formy w\u0119dkarskie\" \/>\n<meta property=\"article:modified_time\" content=\"2026-03-12T15:30:16+00:00\" \/>\n<meta property=\"og:image\" content=\"https:\/\/zakupynaryby.pl\/wp-content\/uploads\/2023\/04\/Przywieszka.jpg\" \/>\n\t<meta property=\"og:image:width\" content=\"800\" \/>\n\t<meta property=\"og:image:height\" content=\"800\" \/>\n\t<meta property=\"og:image:type\" content=\"image\/jpeg\" \/>\n<meta name=\"twitter:card\" content=\"summary_large_image\" \/>\n<meta name=\"twitter:label1\" content=\"Szacowany czas czytania\" \/>\n\t<meta name=\"twitter:data1\" content=\"1 minuta\" \/>\n<script type=\"application\/ld+json\" class=\"yoast-schema-graph\">{\"@context\":\"https:\\\/\\\/schema.org\",\"@graph\":[{\"@type\":\"WebPage\",\"@id\":\"https:\\\/\\\/zakupynaryby.pl\\\/index.php\\\/product\\\/przywieszki-na-dorsza-halibuta-czarniaka\\\/\",\"url\":\"https:\\\/\\\/zakupynaryby.pl\\\/index.php\\\/product\\\/przywieszki-na-dorsza-halibuta-czarniaka\\\/\",\"name\":\"Przywieszki na dorsza halibuta czarniaka O\u015aMIORNICZKI - Formy w\u0119dkarskie\",\"isPartOf\":{\"@id\":\"https:\\\/\\\/zakupynaryby.pl\\\/#website\"},\"primaryImageOfPage\":{\"@id\":\"https:\\\/\\\/zakupynaryby.pl\\\/index.php\\\/product\\\/przywieszki-na-dorsza-halibuta-czarniaka\\\/#primaryimage\"},\"image\":{\"@id\":\"https:\\\/\\\/zakupynaryby.pl\\\/index.php\\\/product\\\/przywieszki-na-dorsza-halibuta-czarniaka\\\/#primaryimage\"},\"thumbnailUrl\":\"https:\\\/\\\/zakupynaryby.pl\\\/wp-content\\\/uploads\\\/2023\\\/04\\\/Przywieszka.jpg\",\"datePublished\":\"2023-04-04T12:31:25+00:00\",\"dateModified\":\"2026-03-12T15:30:16+00:00\",\"description\":\"Przywieszki na dorsza halibuta czarniaka. Zestaw: 3 x O\u015bmiorniczki 16 cm r\u00f3\u017cowo - niebieskie z brokatem, paski: r\u00f3\u017c UV, oczy luminescencyjne - \u015bwiec\u0105ce.\",\"breadcrumb\":{\"@id\":\"https:\\\/\\\/zakupynaryby.pl\\\/index.php\\\/product\\\/przywieszki-na-dorsza-halibuta-czarniaka\\\/#breadcrumb\"},\"inLanguage\":\"pl-PL\",\"potentialAction\":[{\"@type\":\"ReadAction\",\"target\":[\"https:\\\/\\\/zakupynaryby.pl\\\/index.php\\\/product\\\/przywieszki-na-dorsza-halibuta-czarniaka\\\/\"]}]},{\"@type\":\"ImageObject\",\"inLanguage\":\"pl-PL\",\"@id\":\"https:\\\/\\\/zakupynaryby.pl\\\/index.php\\\/product\\\/przywieszki-na-dorsza-halibuta-czarniaka\\\/#primaryimage\",\"url\":\"https:\\\/\\\/zakupynaryby.pl\\\/wp-content\\\/uploads\\\/2023\\\/04\\\/Przywieszka.jpg\",\"contentUrl\":\"https:\\\/\\\/zakupynaryby.pl\\\/wp-content\\\/uploads\\\/2023\\\/04\\\/Przywieszka.jpg\",\"width\":800,\"height\":800,\"caption\":\"Przywieszki na dorsza halibuta czarniaka\"},{\"@type\":\"BreadcrumbList\",\"@id\":\"https:\\\/\\\/zakupynaryby.pl\\\/index.php\\\/product\\\/przywieszki-na-dorsza-halibuta-czarniaka\\\/#breadcrumb\",\"itemListElement\":[{\"@type\":\"ListItem\",\"position\":1,\"name\":\"Strona g\u0142\u00f3wna\",\"item\":\"https:\\\/\\\/zakupynaryby.pl\\\/\"},{\"@type\":\"ListItem\",\"position\":2,\"name\":\"Shop\",\"item\":\"https:\\\/\\\/zakupynaryby.pl\\\/index.php\\\/shop\\\/\"},{\"@type\":\"ListItem\",\"position\":3,\"name\":\"Przywieszki na dorsza halibuta czarniaka O\u015aMIORNICZKI\"}]},{\"@type\":\"WebSite\",\"@id\":\"https:\\\/\\\/zakupynaryby.pl\\\/#website\",\"url\":\"https:\\\/\\\/zakupynaryby.pl\\\/\",\"name\":\"Formy w\u0119dkarskie\",\"description\":\"Formy do odlewania ci\u0119\u017cark&oacute;w w\u0119dkarskich\",\"publisher\":{\"@id\":\"https:\\\/\\\/zakupynaryby.pl\\\/#organization\"},\"potentialAction\":[{\"@type\":\"SearchAction\",\"target\":{\"@type\":\"EntryPoint\",\"urlTemplate\":\"https:\\\/\\\/zakupynaryby.pl\\\/?s={search_term_string}\"},\"query-input\":{\"@type\":\"PropertyValueSpecification\",\"valueRequired\":true,\"valueName\":\"search_term_string\"}}],\"inLanguage\":\"pl-PL\"},{\"@type\":\"Organization\",\"@id\":\"https:\\\/\\\/zakupynaryby.pl\\\/#organization\",\"name\":\"Formy w\u0119dkarskie\",\"url\":\"https:\\\/\\\/zakupynaryby.pl\\\/\",\"logo\":{\"@type\":\"ImageObject\",\"inLanguage\":\"pl-PL\",\"@id\":\"https:\\\/\\\/zakupynaryby.pl\\\/#\\\/schema\\\/logo\\\/image\\\/\",\"url\":\"https:\\\/\\\/zakupynaryby.pl\\\/wp-content\\\/uploads\\\/2022\\\/05\\\/zakupy.jpg\",\"contentUrl\":\"https:\\\/\\\/zakupynaryby.pl\\\/wp-content\\\/uploads\\\/2022\\\/05\\\/zakupy.jpg\",\"width\":500,\"height\":153,\"caption\":\"Formy w\u0119dkarskie\"},\"image\":{\"@id\":\"https:\\\/\\\/zakupynaryby.pl\\\/#\\\/schema\\\/logo\\\/image\\\/\"}}]}<\/script>\n<!-- \/ Yoast SEO plugin. -->","yoast_head_json":{"title":"Przywieszki na dorsza halibuta czarniaka  O\u015aMIORNICZKI - Formy w\u0119dkarskie","description":"Przywieszki na dorsza halibuta czarniaka. Zestaw: 3 x O\u015bmiorniczki 16 cm r\u00f3\u017cowo - niebieskie z brokatem, paski: r\u00f3\u017c UV, oczy luminescencyjne - \u015bwiec\u0105ce.","robots":{"index":"index","follow":"follow","max-snippet":"max-snippet:-1","max-image-preview":"max-image-preview:large","max-video-preview":"max-video-preview:-1"},"canonical":"https:\/\/zakupynaryby.pl\/index.php\/product\/przywieszki-na-dorsza-halibuta-czarniaka\/","og_locale":"pl_PL","og_type":"article","og_title":"Przywieszki na dorsza halibuta czarniaka  O\u015aMIORNICZKI - Formy w\u0119dkarskie","og_description":"Przywieszki na dorsza halibuta czarniaka. Zestaw: 3 x O\u015bmiorniczki 16 cm r\u00f3\u017cowo - niebieskie z brokatem, paski: r\u00f3\u017c UV, oczy luminescencyjne - \u015bwiec\u0105ce.","og_url":"https:\/\/zakupynaryby.pl\/index.php\/product\/przywieszki-na-dorsza-halibuta-czarniaka\/","og_site_name":"Formy w\u0119dkarskie","article_modified_time":"2026-03-12T15:30:16+00:00","og_image":[{"width":800,"height":800,"url":"https:\/\/zakupynaryby.pl\/wp-content\/uploads\/2023\/04\/Przywieszka.jpg","type":"image\/jpeg"}],"twitter_card":"summary_large_image","twitter_misc":{"Szacowany czas czytania":"1 minuta"},"schema":{"@context":"https:\/\/schema.org","@graph":[{"@type":"WebPage","@id":"https:\/\/zakupynaryby.pl\/index.php\/product\/przywieszki-na-dorsza-halibuta-czarniaka\/","url":"https:\/\/zakupynaryby.pl\/index.php\/product\/przywieszki-na-dorsza-halibuta-czarniaka\/","name":"Przywieszki na dorsza halibuta czarniaka O\u015aMIORNICZKI - Formy w\u0119dkarskie","isPartOf":{"@id":"https:\/\/zakupynaryby.pl\/#website"},"primaryImageOfPage":{"@id":"https:\/\/zakupynaryby.pl\/index.php\/product\/przywieszki-na-dorsza-halibuta-czarniaka\/#primaryimage"},"image":{"@id":"https:\/\/zakupynaryby.pl\/index.php\/product\/przywieszki-na-dorsza-halibuta-czarniaka\/#primaryimage"},"thumbnailUrl":"https:\/\/zakupynaryby.pl\/wp-content\/uploads\/2023\/04\/Przywieszka.jpg","datePublished":"2023-04-04T12:31:25+00:00","dateModified":"2026-03-12T15:30:16+00:00","description":"Przywieszki na dorsza halibuta czarniaka. Zestaw: 3 x O\u015bmiorniczki 16 cm r\u00f3\u017cowo - niebieskie z brokatem, paski: r\u00f3\u017c UV, oczy luminescencyjne - \u015bwiec\u0105ce.","breadcrumb":{"@id":"https:\/\/zakupynaryby.pl\/index.php\/product\/przywieszki-na-dorsza-halibuta-czarniaka\/#breadcrumb"},"inLanguage":"pl-PL","potentialAction":[{"@type":"ReadAction","target":["https:\/\/zakupynaryby.pl\/index.php\/product\/przywieszki-na-dorsza-halibuta-czarniaka\/"]}]},{"@type":"ImageObject","inLanguage":"pl-PL","@id":"https:\/\/zakupynaryby.pl\/index.php\/product\/przywieszki-na-dorsza-halibuta-czarniaka\/#primaryimage","url":"https:\/\/zakupynaryby.pl\/wp-content\/uploads\/2023\/04\/Przywieszka.jpg","contentUrl":"https:\/\/zakupynaryby.pl\/wp-content\/uploads\/2023\/04\/Przywieszka.jpg","width":800,"height":800,"caption":"Przywieszki na dorsza halibuta czarniaka"},{"@type":"BreadcrumbList","@id":"https:\/\/zakupynaryby.pl\/index.php\/product\/przywieszki-na-dorsza-halibuta-czarniaka\/#breadcrumb","itemListElement":[{"@type":"ListItem","position":1,"name":"Strona g\u0142\u00f3wna","item":"https:\/\/zakupynaryby.pl\/"},{"@type":"ListItem","position":2,"name":"Shop","item":"https:\/\/zakupynaryby.pl\/index.php\/shop\/"},{"@type":"ListItem","position":3,"name":"Przywieszki na dorsza halibuta czarniaka O\u015aMIORNICZKI"}]},{"@type":"WebSite","@id":"https:\/\/zakupynaryby.pl\/#website","url":"https:\/\/zakupynaryby.pl\/","name":"Formy w\u0119dkarskie","description":"Formy do odlewania ci\u0119\u017cark&oacute;w w\u0119dkarskich","publisher":{"@id":"https:\/\/zakupynaryby.pl\/#organization"},"potentialAction":[{"@type":"SearchAction","target":{"@type":"EntryPoint","urlTemplate":"https:\/\/zakupynaryby.pl\/?s={search_term_string}"},"query-input":{"@type":"PropertyValueSpecification","valueRequired":true,"valueName":"search_term_string"}}],"inLanguage":"pl-PL"},{"@type":"Organization","@id":"https:\/\/zakupynaryby.pl\/#organization","name":"Formy w\u0119dkarskie","url":"https:\/\/zakupynaryby.pl\/","logo":{"@type":"ImageObject","inLanguage":"pl-PL","@id":"https:\/\/zakupynaryby.pl\/#\/schema\/logo\/image\/","url":"https:\/\/zakupynaryby.pl\/wp-content\/uploads\/2022\/05\/zakupy.jpg","contentUrl":"https:\/\/zakupynaryby.pl\/wp-content\/uploads\/2022\/05\/zakupy.jpg","width":500,"height":153,"caption":"Formy w\u0119dkarskie"},"image":{"@id":"https:\/\/zakupynaryby.pl\/#\/schema\/logo\/image\/"}}]}},"_links":{"self":[{"href":"https:\/\/zakupynaryby.pl\/index.php\/wp-json\/wp\/v2\/product\/4403","targetHints":{"allow":["GET"]}}],"collection":[{"href":"https:\/\/zakupynaryby.pl\/index.php\/wp-json\/wp\/v2\/product"}],"about":[{"href":"https:\/\/zakupynaryby.pl\/index.php\/wp-json\/wp\/v2\/types\/product"}],"wp:featuredmedia":[{"embeddable":true,"href":"https:\/\/zakupynaryby.pl\/index.php\/wp-json\/wp\/v2\/media\/4475"}],"wp:attachment":[{"href":"https:\/\/zakupynaryby.pl\/index.php\/wp-json\/wp\/v2\/media?parent=4403"}],"wp:term":[{"taxonomy":"product_brand","embeddable":true,"href":"https:\/\/zakupynaryby.pl\/index.php\/wp-json\/wp\/v2\/product_brand?post=4403"},{"taxonomy":"product_cat","embeddable":true,"href":"https:\/\/zakupynaryby.pl\/index.php\/wp-json\/wp\/v2\/product_cat?post=4403"},{"taxonomy":"product_tag","embeddable":true,"href":"https:\/\/zakupynaryby.pl\/index.php\/wp-json\/wp\/v2\/product_tag?post=4403"}],"curies":[{"name":"wp","href":"https:\/\/api.w.org\/{rel}","templated":true}]}}