{"id":486,"date":"2022-05-16T09:05:36","date_gmt":"2022-05-16T07:05:36","guid":{"rendered":"https:\/\/www.zakupynaryby.pl\/?post_type=product&#038;p=486"},"modified":"2026-03-02T15:04:14","modified_gmt":"2026-03-02T14:04:14","slug":"igielit-do-ciezarkow-przelotowych","status":"publish","type":"product","link":"https:\/\/zakupynaryby.pl\/index.php\/product\/igielit-do-ciezarkow-przelotowych\/","title":{"rendered":"Igielit do ci\u0119\u017cark\u00f3w przelotowych <br> Rurki \u015br. 3 mm ( 20 sztuk )"},"content":{"rendered":"<p>Igielit do ci\u0119\u017cark\u00f3w przelotowych.<\/p>\n<p>Rurki igielitowe o \u015brednicy 3 mm. i d\u0142ugo\u015bci 20 cm.<\/p>\n<p>Pakowane po 20 sztuk w opakowaniu.<\/p>\n","protected":false},"excerpt":{"rendered":"<p>Rurki o \u015brednicy 3 mm i d\u0142ugo\u015bci 20 cm.<\/p>\n<p>Pakowane po 20 sztuk w opakowaniu.<\/p>\n","protected":false},"featured_media":487,"template":"","meta":[],"product_brand":[],"product_cat":[110,34,16],"product_tag":[],"class_list":{"0":"post-486","1":"product","2":"type-product","3":"status-publish","4":"has-post-thumbnail","6":"product_cat-inne-2","7":"product_cat-akcesoria-wedkarskie","8":"product_cat-wszystkie-produkty","10":"first","11":"instock","12":"shipping-taxable","13":"purchasable","14":"product-type-simple"},"yoast_head":"<!-- This site is optimized with the Yoast SEO plugin v27.3 - https:\/\/yoast.com\/product\/yoast-seo-wordpress\/ -->\n<title>Igielit do ci\u0119\u017cark\u00f3w przelotowych  Rurki \u015br. 3 mm ( 20 sztuk ) - Formy w\u0119dkarskie<\/title>\n<meta name=\"description\" content=\"Igielit do ci\u0119\u017cark\u00f3w przelotowych. Rurki o \u015brednicy 3 mm. i d\u0142ugo\u015bci igielitu 20 cm. Pakowane po 20 sztuk w opakowaniu...\" \/>\n<meta name=\"robots\" content=\"index, follow, max-snippet:-1, max-image-preview:large, max-video-preview:-1\" \/>\n<link rel=\"canonical\" href=\"https:\/\/zakupynaryby.pl\/index.php\/product\/igielit-do-ciezarkow-przelotowych\/\" \/>\n<meta property=\"og:locale\" content=\"pl_PL\" \/>\n<meta property=\"og:type\" content=\"article\" \/>\n<meta property=\"og:title\" content=\"Igielit do ci\u0119\u017cark\u00f3w przelotowych  Rurki \u015br. 3 mm ( 20 sztuk ) - Formy w\u0119dkarskie\" \/>\n<meta property=\"og:description\" content=\"Igielit do ci\u0119\u017cark\u00f3w przelotowych. Rurki o \u015brednicy 3 mm. i d\u0142ugo\u015bci igielitu 20 cm. Pakowane po 20 sztuk w opakowaniu...\" \/>\n<meta property=\"og:url\" content=\"https:\/\/zakupynaryby.pl\/index.php\/product\/igielit-do-ciezarkow-przelotowych\/\" \/>\n<meta property=\"og:site_name\" content=\"Formy w\u0119dkarskie\" \/>\n<meta property=\"article:modified_time\" content=\"2026-03-02T14:04:14+00:00\" \/>\n<meta property=\"og:image\" content=\"https:\/\/zakupynaryby.pl\/wp-content\/uploads\/2022\/05\/IGIELIT-e1735303810560.jpg\" \/>\n\t<meta property=\"og:image:width\" content=\"550\" \/>\n\t<meta property=\"og:image:height\" content=\"610\" \/>\n\t<meta property=\"og:image:type\" content=\"image\/jpeg\" \/>\n<meta name=\"twitter:card\" content=\"summary_large_image\" \/>\n<meta name=\"twitter:label1\" content=\"Szacowany czas czytania\" \/>\n\t<meta name=\"twitter:data1\" content=\"1 minuta\" \/>\n<script type=\"application\/ld+json\" class=\"yoast-schema-graph\">{\"@context\":\"https:\\\/\\\/schema.org\",\"@graph\":[{\"@type\":\"WebPage\",\"@id\":\"https:\\\/\\\/zakupynaryby.pl\\\/index.php\\\/product\\\/igielit-do-ciezarkow-przelotowych\\\/\",\"url\":\"https:\\\/\\\/zakupynaryby.pl\\\/index.php\\\/product\\\/igielit-do-ciezarkow-przelotowych\\\/\",\"name\":\"Igielit do ci\u0119\u017cark\u00f3w przelotowych Rurki \u015br. 3 mm ( 20 sztuk ) - Formy w\u0119dkarskie\",\"isPartOf\":{\"@id\":\"https:\\\/\\\/zakupynaryby.pl\\\/#website\"},\"primaryImageOfPage\":{\"@id\":\"https:\\\/\\\/zakupynaryby.pl\\\/index.php\\\/product\\\/igielit-do-ciezarkow-przelotowych\\\/#primaryimage\"},\"image\":{\"@id\":\"https:\\\/\\\/zakupynaryby.pl\\\/index.php\\\/product\\\/igielit-do-ciezarkow-przelotowych\\\/#primaryimage\"},\"thumbnailUrl\":\"https:\\\/\\\/zakupynaryby.pl\\\/wp-content\\\/uploads\\\/2022\\\/05\\\/IGIELIT-e1735303810560.jpg\",\"datePublished\":\"2022-05-16T07:05:36+00:00\",\"dateModified\":\"2026-03-02T14:04:14+00:00\",\"description\":\"Igielit do ci\u0119\u017cark\u00f3w przelotowych. Rurki o \u015brednicy 3 mm. i d\u0142ugo\u015bci igielitu 20 cm. Pakowane po 20 sztuk w opakowaniu...\",\"breadcrumb\":{\"@id\":\"https:\\\/\\\/zakupynaryby.pl\\\/index.php\\\/product\\\/igielit-do-ciezarkow-przelotowych\\\/#breadcrumb\"},\"inLanguage\":\"pl-PL\",\"potentialAction\":[{\"@type\":\"ReadAction\",\"target\":[\"https:\\\/\\\/zakupynaryby.pl\\\/index.php\\\/product\\\/igielit-do-ciezarkow-przelotowych\\\/\"]}]},{\"@type\":\"ImageObject\",\"inLanguage\":\"pl-PL\",\"@id\":\"https:\\\/\\\/zakupynaryby.pl\\\/index.php\\\/product\\\/igielit-do-ciezarkow-przelotowych\\\/#primaryimage\",\"url\":\"https:\\\/\\\/zakupynaryby.pl\\\/wp-content\\\/uploads\\\/2022\\\/05\\\/IGIELIT-e1735303810560.jpg\",\"contentUrl\":\"https:\\\/\\\/zakupynaryby.pl\\\/wp-content\\\/uploads\\\/2022\\\/05\\\/IGIELIT-e1735303810560.jpg\",\"width\":550,\"height\":610,\"caption\":\"Igielit do ci\u0119\u017cark\u00f3w przelotowych\"},{\"@type\":\"BreadcrumbList\",\"@id\":\"https:\\\/\\\/zakupynaryby.pl\\\/index.php\\\/product\\\/igielit-do-ciezarkow-przelotowych\\\/#breadcrumb\",\"itemListElement\":[{\"@type\":\"ListItem\",\"position\":1,\"name\":\"Strona g\u0142\u00f3wna\",\"item\":\"https:\\\/\\\/zakupynaryby.pl\\\/\"},{\"@type\":\"ListItem\",\"position\":2,\"name\":\"Shop\",\"item\":\"https:\\\/\\\/zakupynaryby.pl\\\/index.php\\\/shop\\\/\"},{\"@type\":\"ListItem\",\"position\":3,\"name\":\"Igielit do ci\u0119\u017cark\u00f3w przelotowych Rurki \u015br. 3 mm ( 20 sztuk )\"}]},{\"@type\":\"WebSite\",\"@id\":\"https:\\\/\\\/zakupynaryby.pl\\\/#website\",\"url\":\"https:\\\/\\\/zakupynaryby.pl\\\/\",\"name\":\"Formy w\u0119dkarskie\",\"description\":\"Formy do odlewania ci\u0119\u017cark&oacute;w w\u0119dkarskich\",\"publisher\":{\"@id\":\"https:\\\/\\\/zakupynaryby.pl\\\/#organization\"},\"potentialAction\":[{\"@type\":\"SearchAction\",\"target\":{\"@type\":\"EntryPoint\",\"urlTemplate\":\"https:\\\/\\\/zakupynaryby.pl\\\/?s={search_term_string}\"},\"query-input\":{\"@type\":\"PropertyValueSpecification\",\"valueRequired\":true,\"valueName\":\"search_term_string\"}}],\"inLanguage\":\"pl-PL\"},{\"@type\":\"Organization\",\"@id\":\"https:\\\/\\\/zakupynaryby.pl\\\/#organization\",\"name\":\"Formy w\u0119dkarskie\",\"url\":\"https:\\\/\\\/zakupynaryby.pl\\\/\",\"logo\":{\"@type\":\"ImageObject\",\"inLanguage\":\"pl-PL\",\"@id\":\"https:\\\/\\\/zakupynaryby.pl\\\/#\\\/schema\\\/logo\\\/image\\\/\",\"url\":\"https:\\\/\\\/zakupynaryby.pl\\\/wp-content\\\/uploads\\\/2022\\\/05\\\/zakupy.jpg\",\"contentUrl\":\"https:\\\/\\\/zakupynaryby.pl\\\/wp-content\\\/uploads\\\/2022\\\/05\\\/zakupy.jpg\",\"width\":500,\"height\":153,\"caption\":\"Formy w\u0119dkarskie\"},\"image\":{\"@id\":\"https:\\\/\\\/zakupynaryby.pl\\\/#\\\/schema\\\/logo\\\/image\\\/\"}}]}<\/script>\n<!-- \/ Yoast SEO plugin. -->","yoast_head_json":{"title":"Igielit do ci\u0119\u017cark\u00f3w przelotowych  Rurki \u015br. 3 mm ( 20 sztuk ) - Formy w\u0119dkarskie","description":"Igielit do ci\u0119\u017cark\u00f3w przelotowych. Rurki o \u015brednicy 3 mm. i d\u0142ugo\u015bci igielitu 20 cm. Pakowane po 20 sztuk w opakowaniu...","robots":{"index":"index","follow":"follow","max-snippet":"max-snippet:-1","max-image-preview":"max-image-preview:large","max-video-preview":"max-video-preview:-1"},"canonical":"https:\/\/zakupynaryby.pl\/index.php\/product\/igielit-do-ciezarkow-przelotowych\/","og_locale":"pl_PL","og_type":"article","og_title":"Igielit do ci\u0119\u017cark\u00f3w przelotowych  Rurki \u015br. 3 mm ( 20 sztuk ) - Formy w\u0119dkarskie","og_description":"Igielit do ci\u0119\u017cark\u00f3w przelotowych. Rurki o \u015brednicy 3 mm. i d\u0142ugo\u015bci igielitu 20 cm. Pakowane po 20 sztuk w opakowaniu...","og_url":"https:\/\/zakupynaryby.pl\/index.php\/product\/igielit-do-ciezarkow-przelotowych\/","og_site_name":"Formy w\u0119dkarskie","article_modified_time":"2026-03-02T14:04:14+00:00","og_image":[{"width":550,"height":610,"url":"https:\/\/zakupynaryby.pl\/wp-content\/uploads\/2022\/05\/IGIELIT-e1735303810560.jpg","type":"image\/jpeg"}],"twitter_card":"summary_large_image","twitter_misc":{"Szacowany czas czytania":"1 minuta"},"schema":{"@context":"https:\/\/schema.org","@graph":[{"@type":"WebPage","@id":"https:\/\/zakupynaryby.pl\/index.php\/product\/igielit-do-ciezarkow-przelotowych\/","url":"https:\/\/zakupynaryby.pl\/index.php\/product\/igielit-do-ciezarkow-przelotowych\/","name":"Igielit do ci\u0119\u017cark\u00f3w przelotowych Rurki \u015br. 3 mm ( 20 sztuk ) - Formy w\u0119dkarskie","isPartOf":{"@id":"https:\/\/zakupynaryby.pl\/#website"},"primaryImageOfPage":{"@id":"https:\/\/zakupynaryby.pl\/index.php\/product\/igielit-do-ciezarkow-przelotowych\/#primaryimage"},"image":{"@id":"https:\/\/zakupynaryby.pl\/index.php\/product\/igielit-do-ciezarkow-przelotowych\/#primaryimage"},"thumbnailUrl":"https:\/\/zakupynaryby.pl\/wp-content\/uploads\/2022\/05\/IGIELIT-e1735303810560.jpg","datePublished":"2022-05-16T07:05:36+00:00","dateModified":"2026-03-02T14:04:14+00:00","description":"Igielit do ci\u0119\u017cark\u00f3w przelotowych. Rurki o \u015brednicy 3 mm. i d\u0142ugo\u015bci igielitu 20 cm. Pakowane po 20 sztuk w opakowaniu...","breadcrumb":{"@id":"https:\/\/zakupynaryby.pl\/index.php\/product\/igielit-do-ciezarkow-przelotowych\/#breadcrumb"},"inLanguage":"pl-PL","potentialAction":[{"@type":"ReadAction","target":["https:\/\/zakupynaryby.pl\/index.php\/product\/igielit-do-ciezarkow-przelotowych\/"]}]},{"@type":"ImageObject","inLanguage":"pl-PL","@id":"https:\/\/zakupynaryby.pl\/index.php\/product\/igielit-do-ciezarkow-przelotowych\/#primaryimage","url":"https:\/\/zakupynaryby.pl\/wp-content\/uploads\/2022\/05\/IGIELIT-e1735303810560.jpg","contentUrl":"https:\/\/zakupynaryby.pl\/wp-content\/uploads\/2022\/05\/IGIELIT-e1735303810560.jpg","width":550,"height":610,"caption":"Igielit do ci\u0119\u017cark\u00f3w przelotowych"},{"@type":"BreadcrumbList","@id":"https:\/\/zakupynaryby.pl\/index.php\/product\/igielit-do-ciezarkow-przelotowych\/#breadcrumb","itemListElement":[{"@type":"ListItem","position":1,"name":"Strona g\u0142\u00f3wna","item":"https:\/\/zakupynaryby.pl\/"},{"@type":"ListItem","position":2,"name":"Shop","item":"https:\/\/zakupynaryby.pl\/index.php\/shop\/"},{"@type":"ListItem","position":3,"name":"Igielit do ci\u0119\u017cark\u00f3w przelotowych Rurki \u015br. 3 mm ( 20 sztuk )"}]},{"@type":"WebSite","@id":"https:\/\/zakupynaryby.pl\/#website","url":"https:\/\/zakupynaryby.pl\/","name":"Formy w\u0119dkarskie","description":"Formy do odlewania ci\u0119\u017cark&oacute;w w\u0119dkarskich","publisher":{"@id":"https:\/\/zakupynaryby.pl\/#organization"},"potentialAction":[{"@type":"SearchAction","target":{"@type":"EntryPoint","urlTemplate":"https:\/\/zakupynaryby.pl\/?s={search_term_string}"},"query-input":{"@type":"PropertyValueSpecification","valueRequired":true,"valueName":"search_term_string"}}],"inLanguage":"pl-PL"},{"@type":"Organization","@id":"https:\/\/zakupynaryby.pl\/#organization","name":"Formy w\u0119dkarskie","url":"https:\/\/zakupynaryby.pl\/","logo":{"@type":"ImageObject","inLanguage":"pl-PL","@id":"https:\/\/zakupynaryby.pl\/#\/schema\/logo\/image\/","url":"https:\/\/zakupynaryby.pl\/wp-content\/uploads\/2022\/05\/zakupy.jpg","contentUrl":"https:\/\/zakupynaryby.pl\/wp-content\/uploads\/2022\/05\/zakupy.jpg","width":500,"height":153,"caption":"Formy w\u0119dkarskie"},"image":{"@id":"https:\/\/zakupynaryby.pl\/#\/schema\/logo\/image\/"}}]}},"_links":{"self":[{"href":"https:\/\/zakupynaryby.pl\/index.php\/wp-json\/wp\/v2\/product\/486","targetHints":{"allow":["GET"]}}],"collection":[{"href":"https:\/\/zakupynaryby.pl\/index.php\/wp-json\/wp\/v2\/product"}],"about":[{"href":"https:\/\/zakupynaryby.pl\/index.php\/wp-json\/wp\/v2\/types\/product"}],"wp:featuredmedia":[{"embeddable":true,"href":"https:\/\/zakupynaryby.pl\/index.php\/wp-json\/wp\/v2\/media\/487"}],"wp:attachment":[{"href":"https:\/\/zakupynaryby.pl\/index.php\/wp-json\/wp\/v2\/media?parent=486"}],"wp:term":[{"taxonomy":"product_brand","embeddable":true,"href":"https:\/\/zakupynaryby.pl\/index.php\/wp-json\/wp\/v2\/product_brand?post=486"},{"taxonomy":"product_cat","embeddable":true,"href":"https:\/\/zakupynaryby.pl\/index.php\/wp-json\/wp\/v2\/product_cat?post=486"},{"taxonomy":"product_tag","embeddable":true,"href":"https:\/\/zakupynaryby.pl\/index.php\/wp-json\/wp\/v2\/product_tag?post=486"}],"curies":[{"name":"wp","href":"https:\/\/api.w.org\/{rel}","templated":true}]}}